Last updated on 2025-04-30 04:50:06 CEST.
Flavor | Version | Tinstall | Tcheck | Ttotal | Status | Flags |
---|---|---|---|---|---|---|
r-devel-linux-x86_64-debian-clang | 0.1.3 | 2.48 | 339.39 | 341.87 | OK | |
r-devel-linux-x86_64-debian-gcc | 0.1.3 | 1.83 | 209.17 | 211.00 | NOTE | |
r-devel-linux-x86_64-fedora-clang | 0.1.3 | 572.03 | NOTE | |||
r-devel-linux-x86_64-fedora-gcc | 0.1.3 | 551.83 | NOTE | |||
r-devel-windows-x86_64 | 0.1.3 | 5.00 | 309.00 | 314.00 | OK | |
r-patched-linux-x86_64 | 0.1.3 | 2.26 | 314.06 | 316.32 | OK | |
r-release-linux-x86_64 | 0.1.3 | 2.27 | 317.81 | 320.08 | OK | |
r-release-macos-arm64 | 0.1.3 | 129.00 | OK | |||
r-release-macos-x86_64 | 0.1.3 | 272.00 | OK | |||
r-release-windows-x86_64 | 0.1.3 | 5.00 | 304.00 | 309.00 | OK | |
r-oldrel-macos-arm64 | 0.1.3 | 116.00 | NOTE | |||
r-oldrel-macos-x86_64 | 0.1.3 | 198.00 | NOTE | |||
r-oldrel-windows-x86_64 | 0.1.3 | 6.00 | 392.00 | 398.00 | NOTE |
Version: 0.1.3
Check: examples
Result: NOTE
Examples with CPU (user + system) or elapsed time > 5s
user system elapsed
calc_XHiY 1.521 0.663 7.192
update_u 0.874 0.452 6.516
center_kinship 0.500 0.709 6.164
eigen2 0.565 0.621 6.675
calc_qi 0.590 0.579 6.123
Flavor: r-devel-linux-x86_64-debian-gcc
Version: 0.1.3
Check: dependencies in R code
Result: NOTE
Namespace in Imports field not imported from: ‘methods’
All declared Imports should be used.
Flavors: r-devel-linux-x86_64-fedora-clang, r-devel-linux-x86_64-fedora-gcc
Version: 0.1.3
Check: LazyData
Result: NOTE
'LazyData' is specified without a 'data' directory
Flavors: r-oldrel-macos-arm64, r-oldrel-macos-x86_64, r-oldrel-windows-x86_64