Last updated on 2025-04-30 04:50:06 CEST.
Flavor | Version | Tinstall | Tcheck | Ttotal | Status | Flags |
---|---|---|---|---|---|---|
r-devel-linux-x86_64-debian-clang | 1.0-2 | 10.04 | 117.81 | 127.85 | NOTE | |
r-devel-linux-x86_64-debian-gcc | 1.0-2 | 6.61 | 78.08 | 84.69 | NOTE | |
r-devel-linux-x86_64-fedora-clang | 1.0-2 | 200.93 | NOTE | |||
r-devel-linux-x86_64-fedora-gcc | 1.0-2 | 194.06 | NOTE | |||
r-devel-windows-x86_64 | 1.0-2 | 12.00 | 131.00 | 143.00 | NOTE | |
r-patched-linux-x86_64 | 1.0-2 | 10.37 | 113.24 | 123.61 | NOTE | |
r-release-linux-x86_64 | 1.0-2 | 9.87 | 113.12 | 122.99 | NOTE | |
r-release-macos-arm64 | 1.0-2 | 55.00 | NOTE | |||
r-release-macos-x86_64 | 1.0-2 | 201.00 | NOTE | |||
r-release-windows-x86_64 | 1.0-2 | 16.00 | 130.00 | 146.00 | NOTE | |
r-oldrel-macos-arm64 | 1.0-2 | 57.00 | NOTE | |||
r-oldrel-macos-x86_64 | 1.0-2 | 86.00 | NOTE | |||
r-oldrel-windows-x86_64 | 1.0-2 | 18.00 | 171.00 | 189.00 | NOTE |
Version: 1.0-2
Check: CRAN incoming feasibility
Result: NOTE
Maintainer: ‘Gert van Valkenhoef <gert@gertvv.nl>’
No Authors@R field in DESCRIPTION.
Please add one, modifying
Authors@R: c(person(given = "Gert",
family = "van Valkenhoef",
role = c("aut", "cre"),
email = "gert@gertvv.nl"),
person(given = "Joel",
family = "Kuiper",
role = "aut"))
as necessary.
Flavors: r-devel-linux-x86_64-debian-clang, r-devel-linux-x86_64-debian-gcc
Version: 1.0-2
Check: Rd files
Result: NOTE
checkRd: (-1) parkinson.Rd:9: Lost braces in \itemize; meant \describe ?
checkRd: (-1) parkinson.Rd:10: Lost braces in \itemize; meant \describe ?
checkRd: (-1) parkinson.Rd:11: Lost braces in \itemize; meant \describe ?
Flavors: r-devel-linux-x86_64-debian-clang, r-devel-linux-x86_64-debian-gcc, r-devel-linux-x86_64-fedora-clang, r-devel-linux-x86_64-fedora-gcc, r-devel-windows-x86_64, r-patched-linux-x86_64, r-release-linux-x86_64, r-release-macos-arm64, r-release-macos-x86_64, r-release-windows-x86_64, r-oldrel-macos-arm64, r-oldrel-macos-x86_64, r-oldrel-windows-x86_64
Version: 1.0-2
Check: examples
Result: NOTE
Examples with CPU (user + system) or elapsed time > 5s
user system elapsed
atrialFibrillation 7.553 0.304 9.565
mtc.hy.prior 4.944 0.074 6.294
Flavor: r-devel-linux-x86_64-debian-clang
Version: 1.0-2
Check: examples
Result: NOTE
Examples with CPU (user + system) or elapsed time > 5s
user system elapsed
atrialFibrillation 5.402 0.478 6.684
Flavor: r-devel-linux-x86_64-debian-gcc