CRAN Package Check Results for Package genSurv

Last updated on 2025-04-30 04:50:06 CEST.

Flavor Version Tinstall Tcheck Ttotal Status Flags
r-devel-linux-x86_64-debian-clang 1.0.4 3.19 28.41 31.60 NOTE
r-devel-linux-x86_64-debian-gcc 1.0.4 2.48 21.69 24.17 NOTE
r-devel-linux-x86_64-fedora-clang 1.0.4 47.10 OK
r-devel-linux-x86_64-fedora-gcc 1.0.4 44.33 OK
r-devel-windows-x86_64 1.0.4 6.00 62.00 68.00 OK
r-patched-linux-x86_64 1.0.4 3.13 25.98 29.11 OK
r-release-linux-x86_64 1.0.4 3.06 27.06 30.12 OK
r-release-macos-arm64 1.0.4 19.00 OK
r-release-macos-x86_64 1.0.4 39.00 OK
r-release-windows-x86_64 1.0.4 5.00 62.00 67.00 OK
r-oldrel-macos-arm64 1.0.4 20.00 OK
r-oldrel-macos-x86_64 1.0.4 26.00 OK
r-oldrel-windows-x86_64 1.0.4 7.00 55.00 62.00 OK

Check Details

Version: 1.0.4
Check: CRAN incoming feasibility
Result: NOTE Maintainer: ‘Artur Araujo <artur.stat@gmail.com>’ Package CITATION file contains call(s) to old-style personList() or as.personList(). Please use c() on person objects instead. Package CITATION file contains call(s) to old-style citEntry(). Please use bibentry() instead. Flavors: r-devel-linux-x86_64-debian-clang, r-devel-linux-x86_64-debian-gcc