Last updated on 2025-04-30 04:50:06 CEST.
Flavor | Version | Tinstall | Tcheck | Ttotal | Status | Flags |
---|---|---|---|---|---|---|
r-devel-linux-x86_64-debian-clang | 0.6.0 | 4.09 | 42.71 | 46.80 | NOTE | |
r-devel-linux-x86_64-debian-gcc | 0.6.0 | 3.05 | 32.21 | 35.26 | NOTE | |
r-devel-linux-x86_64-fedora-clang | 0.6.0 | 73.14 | OK | |||
r-devel-linux-x86_64-fedora-gcc | 0.6.0 | 83.77 | OK | |||
r-devel-windows-x86_64 | 0.6.0 | 6.00 | 62.00 | 68.00 | OK | |
r-patched-linux-x86_64 | 0.6.0 | 3.99 | 38.92 | 42.91 | OK | |
r-release-linux-x86_64 | 0.6.0 | 3.92 | 38.85 | 42.77 | OK | |
r-release-macos-arm64 | 0.6.0 | 41.00 | OK | |||
r-release-macos-x86_64 | 0.6.0 | 57.00 | OK | |||
r-release-windows-x86_64 | 0.6.0 | 6.00 | 61.00 | 67.00 | OK | |
r-oldrel-macos-arm64 | 0.6.0 | 32.00 | NOTE | |||
r-oldrel-macos-x86_64 | 0.6.0 | 45.00 | NOTE | |||
r-oldrel-windows-x86_64 | 0.6.0 | 6.00 | 68.00 | 74.00 | NOTE |
Version: 0.6.0
Check: CRAN incoming feasibility
Result: NOTE
Maintainer: ‘Lincoln Mullen <lincoln@lincolnmullen.com>’
Package CITATION file contains call(s) to old-style personList() or
as.personList(). Please use c() on person objects instead.
Package CITATION file contains call(s) to old-style citEntry(). Please
use bibentry() instead.
Flavors: r-devel-linux-x86_64-debian-clang, r-devel-linux-x86_64-debian-gcc
Version: 0.6.0
Check: package dependencies
Result: NOTE
Package suggested but not available for checking: ‘genderdata’
Flavors: r-oldrel-macos-arm64, r-oldrel-macos-x86_64, r-oldrel-windows-x86_64