CRAN Package Check Results for Package genderBR

Last updated on 2025-02-21 03:52:13 CET.

Flavor Version Tinstall Tcheck Ttotal Status Flags
r-devel-linux-x86_64-debian-clang 1.1.2 3.06 26.97 30.03 OK
r-devel-linux-x86_64-debian-gcc 1.1.2 2.21 21.57 23.78 OK
r-devel-linux-x86_64-fedora-clang 1.1.2 46.03 NOTE
r-devel-linux-x86_64-fedora-gcc 1.1.2 45.12 NOTE
r-devel-macos-arm64 1.1.2 19.00 OK
r-devel-macos-x86_64 1.1.2 39.00 OK
r-devel-windows-x86_64 1.1.2 4.00 48.00 52.00 OK
r-patched-linux-x86_64 1.1.2 3.01 25.78 28.79 OK
r-release-linux-x86_64 1.1.2 2.79 25.87 28.66 OK
r-release-macos-arm64 1.1.2 16.00 OK
r-release-macos-x86_64 1.1.2 37.00 OK
r-release-windows-x86_64 1.1.2 5.00 46.00 51.00 OK
r-oldrel-macos-arm64 1.1.2 20.00 OK
r-oldrel-macos-x86_64 1.1.2 26.00 OK
r-oldrel-windows-x86_64 1.1.2 6.00 49.00 55.00 OK

Check Details

Version: 1.1.2
Check: dependencies in R code
Result: NOTE Namespace in Imports field not imported from: ‘purrr’ All declared Imports should be used. Flavors: r-devel-linux-x86_64-fedora-clang, r-devel-linux-x86_64-fedora-gcc