CRAN Package Check Results for Package geneExpressionFromGEO

Last updated on 2025-04-30 04:50:06 CEST.

Flavor Version Tinstall Tcheck Ttotal Status Flags
r-devel-linux-x86_64-debian-clang 1.2 2.01 47.27 49.28 NOTE
r-devel-linux-x86_64-debian-gcc 1.2 1.54 35.95 37.49 NOTE
r-devel-linux-x86_64-fedora-clang 1.2 82.29 NOTE
r-devel-linux-x86_64-fedora-gcc 1.2 85.24 NOTE
r-devel-windows-x86_64 1.2 4.00 135.00 139.00 OK
r-patched-linux-x86_64 1.2 1.87 45.12 46.99 OK
r-release-linux-x86_64 1.2 2.01 45.34 47.35 OK
r-release-macos-arm64 1.2 59.00 OK
r-release-macos-x86_64 1.2 76.00 OK
r-release-windows-x86_64 1.2 4.00 133.00 137.00 OK
r-oldrel-macos-arm64 1.2 45.00 OK
r-oldrel-macos-x86_64 1.2 102.00 OK
r-oldrel-windows-x86_64 1.2 5.00 160.00 165.00 OK

Check Details

Version: 1.2
Check: examples
Result: NOTE Examples with CPU (user + system) or elapsed time > 5s user system elapsed getGeneExpressionFromGEO 13.21 0.859 20.183 Flavor: r-devel-linux-x86_64-debian-clang

Version: 1.2
Check: examples
Result: NOTE Examples with CPU (user + system) or elapsed time > 5s user system elapsed getGeneExpressionFromGEO 9.267 0.927 17.423 Flavor: r-devel-linux-x86_64-debian-gcc

Version: 1.2
Check: dependencies in R code
Result: NOTE Namespace in Imports field not imported from: ‘qpdf’ All declared Imports should be used. Flavors: r-devel-linux-x86_64-fedora-clang, r-devel-linux-x86_64-fedora-gcc