Last updated on 2025-04-30 04:50:06 CEST.
Flavor | Version | Tinstall | Tcheck | Ttotal | Status | Flags |
---|---|---|---|---|---|---|
r-devel-linux-x86_64-debian-clang | 1.2.2 | 81.54 | 37.66 | 119.20 | NOTE | |
r-devel-linux-x86_64-debian-gcc | 1.2.2 | 59.99 | 27.09 | 87.08 | NOTE | |
r-devel-linux-x86_64-fedora-clang | 1.2.2 | 213.38 | NOTE | |||
r-devel-linux-x86_64-fedora-gcc | 1.2.2 | 217.92 | NOTE | |||
r-devel-windows-x86_64 | 1.2.2 | 91.00 | 86.00 | 177.00 | NOTE | |
r-patched-linux-x86_64 | 1.2.2 | 87.74 | 33.23 | 120.97 | NOTE | |
r-release-linux-x86_64 | 1.2.2 | 84.63 | 33.42 | 118.05 | NOTE | |
r-release-macos-arm64 | 1.2.2 | 62.00 | NOTE | |||
r-release-macos-x86_64 | 1.2.2 | 69.00 | NOTE | |||
r-release-windows-x86_64 | 1.2.2 | 92.00 | 83.00 | 175.00 | NOTE | |
r-oldrel-macos-arm64 | 1.2.2 | 62.00 | NOTE | |||
r-oldrel-macos-x86_64 | 1.2.2 | 61.00 | NOTE | |||
r-oldrel-windows-x86_64 | 1.2.2 | 103.00 | 93.00 | 196.00 | NOTE |
Version: 1.2.2
Check: CRAN incoming feasibility
Result: NOTE
Maintainer: ‘François Rousset <francois.rousset@umontpellier.fr>’
Package CITATION file contains call(s) to old-style personList() or
as.personList(). Please use c() on person objects instead.
Package CITATION file contains call(s) to old-style citEntry(). Please
use bibentry() instead.
Flavors: r-devel-linux-x86_64-debian-clang, r-devel-linux-x86_64-debian-gcc
Version: 1.2.2
Check: C++ specification
Result: NOTE
Specified C++11: please drop specification unless essential
Flavors: r-devel-linux-x86_64-debian-clang, r-devel-linux-x86_64-debian-gcc, r-devel-linux-x86_64-fedora-clang, r-devel-linux-x86_64-fedora-gcc, r-devel-windows-x86_64, r-patched-linux-x86_64, r-release-linux-x86_64, r-release-macos-arm64, r-release-macos-x86_64, r-release-windows-x86_64, r-oldrel-macos-arm64, r-oldrel-macos-x86_64, r-oldrel-windows-x86_64
Version: 1.2.2
Check: installed package size
Result: NOTE
installed size is 11.7Mb
sub-directories of 1Mb or more:
doc 1.5Mb
libs 9.3Mb
Flavors: r-oldrel-macos-arm64, r-oldrel-macos-x86_64