CRAN Package Check Results for Package generator

Last updated on 2025-04-30 04:50:06 CEST.

Flavor Version Tinstall Tcheck Ttotal Status Flags
r-devel-linux-x86_64-debian-clang 0.1.0 1.65 20.58 22.23 OK
r-devel-linux-x86_64-debian-gcc 0.1.0 1.27 16.96 18.23 OK
r-devel-linux-x86_64-fedora-clang 0.1.0 32.57 OK
r-devel-linux-x86_64-fedora-gcc 0.1.0 31.10 OK
r-devel-windows-x86_64 0.1.0 4.00 44.00 48.00 OK
r-patched-linux-x86_64 0.1.0 1.79 18.47 20.26 OK
r-release-linux-x86_64 0.1.0 1.69 18.41 20.10 OK
r-release-macos-arm64 0.1.0 17.00 OK
r-release-macos-x86_64 0.1.0 24.00 OK
r-release-windows-x86_64 0.1.0 3.00 43.00 46.00 OK
r-oldrel-macos-arm64 0.1.0 14.00 NOTE
r-oldrel-macos-x86_64 0.1.0 22.00 NOTE
r-oldrel-windows-x86_64 0.1.0 3.00 43.00 46.00 NOTE

Check Details

Version: 0.1.0
Check: LazyData
Result: NOTE 'LazyData' is specified without a 'data' directory Flavors: r-oldrel-macos-arm64, r-oldrel-macos-x86_64, r-oldrel-windows-x86_64