Last updated on 2025-11-03 03:49:42 CET.
| Flavor | Version | Tinstall | Tcheck | Ttotal | Status | Flags |
|---|---|---|---|---|---|---|
| r-devel-linux-x86_64-debian-clang | 0.3.3 | 10.92 | 104.41 | 115.33 | NOTE | |
| r-devel-linux-x86_64-debian-gcc | 0.3.3 | 7.46 | 75.52 | 82.98 | NOTE | |
| r-devel-linux-x86_64-fedora-clang | 0.3.3 | 48.00 | 138.73 | 186.73 | NOTE | |
| r-devel-linux-x86_64-fedora-gcc | 0.3.3 | 79.00 | 119.75 | 198.75 | NOTE | |
| r-devel-windows-x86_64 | 0.3.3 | 12.00 | 103.00 | 115.00 | NOTE | |
| r-patched-linux-x86_64 | 0.3.3 | 10.08 | 96.78 | 106.86 | NOTE | |
| r-release-linux-x86_64 | 0.3.3 | 9.96 | 97.15 | 107.11 | NOTE | |
| r-release-macos-arm64 | 0.3.3 | 4.00 | 47.00 | 51.00 | NOTE | |
| r-release-macos-x86_64 | 0.3.3 | 6.00 | 59.00 | 65.00 | OK | |
| r-release-windows-x86_64 | 0.3.3 | 12.00 | 101.00 | 113.00 | NOTE | |
| r-oldrel-macos-arm64 | 0.3.3 | 4.00 | 49.00 | 53.00 | OK | |
| r-oldrel-macos-x86_64 | 0.3.3 | 8.00 | 85.00 | 93.00 | OK | |
| r-oldrel-windows-x86_64 | 0.3.3 | 16.00 | 131.00 | 147.00 | OK |
Version: 0.3.3
Check: DESCRIPTION meta-information
Result: NOTE
Missing dependency on R >= 4.2.0 because package code uses the pipe
placeholder syntax added in R 4.2.0.
File(s) using such syntax:
‘crossover.R’ ‘initialize_population.R’ ‘mutation.R’
Flavors: r-devel-linux-x86_64-debian-clang, r-devel-linux-x86_64-debian-gcc, r-devel-linux-x86_64-fedora-clang, r-devel-linux-x86_64-fedora-gcc, r-devel-windows-x86_64, r-patched-linux-x86_64, r-release-linux-x86_64, r-release-macos-arm64, r-release-windows-x86_64