CRAN Package Check Results for Package geneticae

Last updated on 2025-04-30 04:50:06 CEST.

Flavor Version Tinstall Tcheck Ttotal Status Flags
r-devel-linux-x86_64-debian-clang 0.4.0 17.28 163.46 180.74 OK
r-devel-linux-x86_64-debian-gcc 0.4.0 11.95 113.23 125.18 OK
r-devel-linux-x86_64-fedora-clang 0.4.0 258.35 NOTE
r-devel-linux-x86_64-fedora-gcc 0.4.0 262.44 NOTE
r-devel-windows-x86_64 0.4.0 20.00 147.00 167.00 OK
r-patched-linux-x86_64 0.4.0 16.65 150.21 166.86 OK
r-release-linux-x86_64 0.4.0 16.81 151.32 168.13 OK
r-release-macos-arm64 0.4.0 75.00 OK
r-release-macos-x86_64 0.4.0 144.00 OK
r-release-windows-x86_64 0.4.0 18.00 161.00 179.00 OK
r-oldrel-macos-arm64 0.4.0 72.00 OK
r-oldrel-macos-x86_64 0.4.0 112.00 OK
r-oldrel-windows-x86_64 0.4.0 23.00 183.00 206.00 OK

Check Details

Version: 0.4.0
Check: dependencies in R code
Result: NOTE Namespaces in Imports field not imported from: ‘GGEBiplots’ ‘calibrate’ ‘graphics’ ‘matrixStats’ ‘prettydoc’ ‘reshape2’ All declared Imports should be used. Flavors: r-devel-linux-x86_64-fedora-clang, r-devel-linux-x86_64-fedora-gcc