Last updated on 2025-04-30 04:50:06 CEST.
Flavor | Version | Tinstall | Tcheck | Ttotal | Status | Flags |
---|---|---|---|---|---|---|
r-devel-linux-x86_64-debian-clang | 0.1.10 | 7.75 | 70.33 | 78.08 | OK | |
r-devel-linux-x86_64-debian-gcc | 0.1.10 | 5.32 | 48.26 | 53.58 | OK | |
r-devel-linux-x86_64-fedora-clang | 0.1.10 | 126.07 | OK | |||
r-devel-linux-x86_64-fedora-gcc | 0.1.10 | 109.61 | OK | |||
r-devel-windows-x86_64 | 0.1.10 | 12.00 | 93.00 | 105.00 | OK | |
r-patched-linux-x86_64 | 0.1.10 | 8.29 | 62.63 | 70.92 | OK | |
r-release-linux-x86_64 | 0.1.10 | 7.10 | 64.13 | 71.23 | OK | |
r-release-macos-arm64 | 0.1.10 | 35.00 | OK | |||
r-release-macos-x86_64 | 0.1.10 | 73.00 | OK | |||
r-release-windows-x86_64 | 0.1.10 | 11.00 | 93.00 | 104.00 | OK | |
r-oldrel-macos-arm64 | 0.1.10 | 44.00 | OK | |||
r-oldrel-macos-x86_64 | 0.1.10 | 88.00 | NOTE | |||
r-oldrel-windows-x86_64 | 0.1.10 | 13.00 | 109.00 | 122.00 | OK |
Version: 0.1.10
Check: package dependencies
Result: NOTE
Package suggested but not available for checking: ‘pwalign’
Flavor: r-oldrel-macos-x86_64