Last updated on 2025-11-02 03:51:38 CET.
| Flavor | Version | Tinstall | Tcheck | Ttotal | Status | Flags |
|---|---|---|---|---|---|---|
| r-devel-linux-x86_64-debian-clang | 0.1.11 | 8.24 | 71.05 | 79.29 | OK | |
| r-devel-linux-x86_64-debian-gcc | 0.1.11 | 5.17 | 48.97 | 54.14 | OK | |
| r-devel-linux-x86_64-fedora-clang | 0.1.11 | 39.00 | 88.79 | 127.79 | OK | |
| r-devel-linux-x86_64-fedora-gcc | 0.1.11 | 45.00 | 77.09 | 122.09 | OK | |
| r-devel-windows-x86_64 | 0.1.11 | 9.00 | 88.00 | 97.00 | OK | |
| r-patched-linux-x86_64 | 0.1.11 | 7.96 | 64.50 | 72.46 | OK | |
| r-release-linux-x86_64 | 0.1.11 | 7.17 | 65.44 | 72.61 | OK | |
| r-release-macos-arm64 | 0.1.11 | 3.00 | 34.00 | 37.00 | OK | |
| r-release-macos-x86_64 | 0.1.11 | 9.00 | 67.00 | 76.00 | OK | |
| r-release-windows-x86_64 | 0.1.11 | 9.00 | 87.00 | 96.00 | OK | |
| r-oldrel-macos-arm64 | 0.1.11 | 3.00 | 38.00 | 41.00 | OK | |
| r-oldrel-macos-x86_64 | 0.1.11 | 8.00 | 81.00 | 89.00 | NOTE | |
| r-oldrel-windows-x86_64 | 0.1.11 | 12.00 | 109.00 | 121.00 | OK |
Version: 0.1.11
Check: package dependencies
Result: NOTE
Package suggested but not available for checking: ‘pwalign’
Flavor: r-oldrel-macos-x86_64