CRAN Package Check Results for Package genie

Last updated on 2025-04-30 04:50:06 CEST.

Flavor Version Tinstall Tcheck Ttotal Status Flags
r-devel-linux-x86_64-debian-clang 1.0.5 34.99 25.36 60.35 NOTE
r-devel-linux-x86_64-debian-gcc 1.0.5 23.91 20.50 44.41 NOTE
r-devel-linux-x86_64-fedora-clang 1.0.5 124.53 NOTE
r-devel-linux-x86_64-fedora-gcc 1.0.5 105.93 NOTE
r-devel-windows-x86_64 1.0.5 43.00 80.00 123.00 NOTE
r-patched-linux-x86_64 1.0.5 36.35 25.37 61.72 NOTE
r-release-linux-x86_64 1.0.5 35.24 24.24 59.48 NOTE
r-release-macos-arm64 1.0.5 35.00 NOTE
r-release-macos-x86_64 1.0.5 41.00 NOTE
r-release-windows-x86_64 1.0.5 40.00 77.00 117.00 NOTE
r-oldrel-macos-arm64 1.0.5 36.00 NOTE
r-oldrel-macos-x86_64 1.0.5 40.00 NOTE
r-oldrel-windows-x86_64 1.0.5 40.00 79.00 119.00 NOTE

Check Details

Version: 1.0.5
Check: CRAN incoming feasibility
Result: NOTE Maintainer: ‘Marek Gagolewski <marek@gagolewski.com>’ Package CITATION file contains call(s) to old-style personList() or as.personList(). Please use c() on person objects instead. Flavors: r-devel-linux-x86_64-debian-clang, r-devel-linux-x86_64-debian-gcc

Version: 1.0.5
Check: C++ specification
Result: NOTE Specified C++11: please drop specification unless essential Flavors: r-devel-linux-x86_64-debian-clang, r-devel-linux-x86_64-debian-gcc, r-devel-linux-x86_64-fedora-clang, r-devel-linux-x86_64-fedora-gcc, r-devel-windows-x86_64, r-patched-linux-x86_64, r-release-linux-x86_64, r-release-macos-arm64, r-release-macos-x86_64, r-release-windows-x86_64, r-oldrel-macos-arm64, r-oldrel-macos-x86_64, r-oldrel-windows-x86_64