CRAN Package Check Results for Package geno2proteo

Last updated on 2025-04-30 04:50:06 CEST.

Flavor Version Tinstall Tcheck Ttotal Status Flags
r-devel-linux-x86_64-debian-clang 0.0.6 13.50 129.07 142.57 NOTE
r-devel-linux-x86_64-debian-gcc 0.0.6 9.71 94.22 103.93 NOTE
r-devel-linux-x86_64-fedora-clang 0.0.6 245.28 OK
r-devel-linux-x86_64-fedora-gcc 0.0.6 229.71 OK
r-devel-windows-x86_64 0.0.6 14.00 174.00 188.00 OK
r-patched-linux-x86_64 0.0.6 11.96 123.16 135.12 OK
r-release-linux-x86_64 0.0.6 12.82 130.61 143.43 OK
r-release-macos-arm64 0.0.6 82.00 OK
r-release-macos-x86_64 0.0.6 127.00 OK
r-release-windows-x86_64 0.0.6 16.00 169.00 185.00 OK
r-oldrel-macos-arm64 0.0.6 66.00 OK
r-oldrel-macos-x86_64 0.0.6 102.00 OK
r-oldrel-windows-x86_64 0.0.6 16.00 175.00 191.00 OK

Check Details

Version: 0.0.6
Check: CRAN incoming feasibility
Result: NOTE Maintainer: ‘Yaoyong Li<liyaoyong85@gmail.com>’ No Authors@R field in DESCRIPTION. Please add one, modifying Authors@R: person(given = "Yaoyong", family = "Li", role = c("aut", "cre"), email = "liyaoyong85@gmail.com") as necessary. Flavors: r-devel-linux-x86_64-debian-clang, r-devel-linux-x86_64-debian-gcc