CRAN Package Check Results for Package genoPlotR

Last updated on 2025-04-30 04:50:06 CEST.

Flavor Version Tinstall Tcheck Ttotal Status Flags
r-devel-linux-x86_64-debian-clang 0.8.11 5.40 74.45 79.85 NOTE
r-devel-linux-x86_64-debian-gcc 0.8.11 4.14 52.12 56.26 NOTE
r-devel-linux-x86_64-fedora-clang 0.8.11 127.10 NOTE
r-devel-linux-x86_64-fedora-gcc 0.8.11 134.66 NOTE
r-devel-windows-x86_64 0.8.11 7.00 106.00 113.00 NOTE
r-patched-linux-x86_64 0.8.11 6.47 71.33 77.80 NOTE
r-release-linux-x86_64 0.8.11 5.91 73.95 79.86 NOTE
r-release-macos-arm64 0.8.11 51.00 NOTE
r-release-macos-x86_64 0.8.11 90.00 NOTE
r-release-windows-x86_64 0.8.11 8.00 104.00 112.00 NOTE
r-oldrel-macos-arm64 0.8.11 42.00 NOTE
r-oldrel-macos-x86_64 0.8.11 68.00 NOTE
r-oldrel-windows-x86_64 0.8.11 8.00 112.00 120.00 NOTE

Check Details

Version: 0.8.11
Check: CRAN incoming feasibility
Result: NOTE Maintainer: ‘Lionel Guy <lionel.guy@imbim.uu.se>’ No Authors@R field in DESCRIPTION. Please add one, modifying Authors@R: person(given = "Lionel", family = "Guy", role = c("aut", "cre"), email = "lionel.guy@imbim.uu.se") as necessary. Package CITATION file contains call(s) to old-style citEntry(). Please use bibentry() instead. Flavors: r-devel-linux-x86_64-debian-clang, r-devel-linux-x86_64-debian-gcc

Version: 0.8.11
Check: Rd files
Result: NOTE checkRd: (-1) barto.Rd:15-18: Lost braces in \itemize; meant \describe ? checkRd: (-1) barto.Rd:19-22: Lost braces in \itemize; meant \describe ? checkRd: (-1) barto.Rd:23-26: Lost braces in \itemize; meant \describe ? checkRd: (-1) chrY_subseg.Rd:16-17: Lost braces in \itemize; meant \describe ? checkRd: (-1) chrY_subseg.Rd:18-19: Lost braces in \itemize; meant \describe ? checkRd: (-1) mauve_bbone.Rd:16-17: Lost braces in \itemize; meant \describe ? checkRd: (-1) mauve_bbone.Rd:18-19: Lost braces in \itemize; meant \describe ? checkRd: (-1) three_genes.Rd:17-18: Lost braces in \itemize; meant \describe ? checkRd: (-1) three_genes.Rd:19-20: Lost braces in \itemize; meant \describe ? Flavors: r-devel-linux-x86_64-debian-clang, r-devel-linux-x86_64-debian-gcc, r-devel-linux-x86_64-fedora-clang, r-devel-linux-x86_64-fedora-gcc, r-devel-windows-x86_64, r-patched-linux-x86_64, r-release-linux-x86_64, r-release-macos-arm64, r-release-macos-x86_64, r-release-windows-x86_64, r-oldrel-macos-arm64, r-oldrel-macos-x86_64, r-oldrel-windows-x86_64