Last updated on 2025-04-30 04:50:06 CEST.
Flavor | Version | Tinstall | Tcheck | Ttotal | Status | Flags |
---|---|---|---|---|---|---|
r-devel-linux-x86_64-debian-clang | 0.1.19 | 10.72 | 71.87 | 82.59 | NOTE | |
r-devel-linux-x86_64-debian-gcc | 0.1.19 | 7.36 | 49.00 | 56.36 | NOTE | |
r-devel-linux-x86_64-fedora-clang | 0.1.19 | 124.43 | OK | |||
r-devel-linux-x86_64-fedora-gcc | 0.1.19 | 106.78 | OK | |||
r-devel-windows-x86_64 | 0.1.19 | 12.00 | 82.00 | 94.00 | OK | |
r-patched-linux-x86_64 | 0.1.19 | 10.69 | 64.83 | 75.52 | OK | |
r-release-linux-x86_64 | 0.1.19 | 9.76 | 63.82 | 73.58 | OK | |
r-release-macos-arm64 | 0.1.19 | 31.00 | OK | |||
r-release-macos-x86_64 | 0.1.19 | 60.00 | OK | |||
r-release-windows-x86_64 | 0.1.19 | 10.00 | 82.00 | 92.00 | OK | |
r-oldrel-macos-arm64 | 0.1.19 | 32.00 | OK | |||
r-oldrel-macos-x86_64 | 0.1.19 | 48.00 | OK | |||
r-oldrel-windows-x86_64 | 0.1.19 | 14.00 | 99.00 | 113.00 | OK |
Version: 0.1.19
Check: CRAN incoming feasibility
Result: NOTE
Maintainer: ‘Torben Tvedebrink <tvede@math.aau.dk>’
No Authors@R field in DESCRIPTION.
Please add one, modifying
Authors@R: person(given = "Torben",
family = "Tvedebrink",
role = c("aut", "cre"),
email = "tvede@math.aau.dk")
as necessary.
Package CITATION file contains call(s) to old-style personList() or
as.personList(). Please use c() on person objects instead.
Package CITATION file contains call(s) to old-style citEntry(). Please
use bibentry() instead.
Flavors: r-devel-linux-x86_64-debian-clang, r-devel-linux-x86_64-debian-gcc