Last updated on 2025-04-30 04:50:06 CEST.
Flavor | Version | Tinstall | Tcheck | Ttotal | Status | Flags |
---|---|---|---|---|---|---|
r-devel-linux-x86_64-debian-clang | 1.0-1 | 2.56 | 41.88 | 44.44 | NOTE | |
r-devel-linux-x86_64-debian-gcc | 1.0-1 | 2.01 | 31.14 | 33.15 | OK | |
r-devel-linux-x86_64-fedora-clang | 1.0-1 | 70.31 | OK | |||
r-devel-linux-x86_64-fedora-gcc | 1.0-1 | 67.38 | OK | |||
r-devel-windows-x86_64 | 1.0-1 | 3.00 | 62.00 | 65.00 | OK | |
r-patched-linux-x86_64 | 1.0-1 | 2.62 | 40.32 | 42.94 | OK | |
r-release-linux-x86_64 | 1.0-1 | 2.52 | 40.47 | 42.99 | OK | |
r-release-macos-arm64 | 1.0-1 | 23.00 | OK | |||
r-release-macos-x86_64 | 1.0-1 | 52.00 | OK | |||
r-release-windows-x86_64 | 1.0-1 | 4.00 | 62.00 | 66.00 | OK | |
r-oldrel-macos-arm64 | 1.0-1 | 22.00 | NOTE | |||
r-oldrel-macos-x86_64 | 1.0-1 | 48.00 | NOTE | |||
r-oldrel-windows-x86_64 | 1.0-1 | 4.00 | 68.00 | 72.00 | NOTE |
Version: 1.0-1
Check: examples
Result: NOTE
Examples with CPU (user + system) or elapsed time > 5s
user system elapsed
block.glm 5.006 0.247 3.894
Flavor: r-devel-linux-x86_64-debian-clang
Version: 1.0-1
Check: LazyData
Result: NOTE
'LazyData' is specified without a 'data' directory
Flavors: r-oldrel-macos-arm64, r-oldrel-macos-x86_64, r-oldrel-windows-x86_64