Last updated on 2025-04-30 04:50:06 CEST.
Flavor | Version | Tinstall | Tcheck | Ttotal | Status | Flags |
---|---|---|---|---|---|---|
r-devel-linux-x86_64-debian-clang | 1.0.4 | 14.00 | 203.66 | 217.66 | NOTE | |
r-devel-linux-x86_64-debian-gcc | 1.0.4 | 8.76 | 123.84 | 132.60 | NOTE | |
r-devel-linux-x86_64-fedora-clang | 1.0.4 | 334.07 | NOTE | |||
r-devel-linux-x86_64-fedora-gcc | 1.0.4 | 323.82 | NOTE | |||
r-devel-windows-x86_64 | 1.0.4 | 15.00 | 216.00 | 231.00 | NOTE | |
r-patched-linux-x86_64 | 1.0.4 | 16.65 | 185.60 | 202.25 | NOTE | |
r-release-linux-x86_64 | 1.0.4 | 15.20 | 190.00 | 205.20 | NOTE | |
r-release-macos-arm64 | 1.0.4 | 91.00 | NOTE | |||
r-release-macos-x86_64 | 1.0.4 | 175.00 | NOTE | |||
r-release-windows-x86_64 | 1.0.4 | 17.00 | 212.00 | 229.00 | NOTE | |
r-oldrel-macos-arm64 | 1.0.4 | 81.00 | NOTE | |||
r-oldrel-macos-x86_64 | 1.0.4 | 128.00 | NOTE | |||
r-oldrel-windows-x86_64 | 1.0.4 | 20.00 | 269.00 | 289.00 | NOTE |
Version: 1.0.4
Check: package subdirectories
Result: NOTE
Problems with news in ‘NEWS.md’:
No news entries found.
Flavors: r-devel-linux-x86_64-debian-clang, r-devel-linux-x86_64-debian-gcc, r-devel-linux-x86_64-fedora-clang, r-devel-linux-x86_64-fedora-gcc, r-devel-windows-x86_64, r-patched-linux-x86_64, r-release-linux-x86_64, r-release-macos-arm64, r-release-macos-x86_64, r-release-windows-x86_64, r-oldrel-macos-arm64, r-oldrel-macos-x86_64, r-oldrel-windows-x86_64
Version: 1.0.4
Check: examples
Result: NOTE
Examples with CPU (user + system) or elapsed time > 5s
user system elapsed
genpwr.calc 3.797 0.073 5.492
Flavor: r-devel-linux-x86_64-debian-clang
Version: 1.0.4
Check: for unstated dependencies in ‘demo’
Result: NOTE
'library' or 'require' call not declared from: ‘gridExtra’
Flavors: r-devel-linux-x86_64-debian-clang, r-devel-linux-x86_64-debian-gcc, r-patched-linux-x86_64, r-release-linux-x86_64