Last updated on 2025-04-30 04:50:06 CEST.
Flavor | Version | Tinstall | Tcheck | Ttotal | Status | Flags |
---|---|---|---|---|---|---|
r-devel-linux-x86_64-debian-clang | 1.0.2.2 | 13.64 | 101.60 | 115.24 | NOTE | |
r-devel-linux-x86_64-debian-gcc | 1.0.2.2 | 10.25 | 71.75 | 82.00 | NOTE | |
r-devel-linux-x86_64-fedora-clang | 1.0.2.2 | 181.89 | OK | |||
r-devel-linux-x86_64-fedora-gcc | 1.0.2.2 | 195.43 | OK | |||
r-devel-windows-x86_64 | 1.0.2.2 | 21.00 | 152.00 | 173.00 | OK | |
r-patched-linux-x86_64 | 1.0.2.2 | 15.34 | 99.10 | 114.44 | OK | |
r-release-linux-x86_64 | 1.0.2.2 | 14.37 | 98.18 | 112.55 | OK | |
r-release-macos-arm64 | 1.0.2.2 | 71.00 | OK | |||
r-release-macos-x86_64 | 1.0.2.2 | 179.00 | OK | |||
r-release-windows-x86_64 | 1.0.2.2 | 21.00 | 153.00 | 174.00 | OK | |
r-oldrel-macos-arm64 | 1.0.2.2 | 62.00 | OK | |||
r-oldrel-macos-x86_64 | 1.0.2.2 | 108.00 | OK | |||
r-oldrel-windows-x86_64 | 1.0.2.2 | 24.00 | 175.00 | 199.00 | OK |
Version: 1.0.2.2
Check: CRAN incoming feasibility
Result: NOTE
Maintainer: ‘Shiqing Yu <syu.phd@gmail.com>’
No Authors@R field in DESCRIPTION.
Please add one, modifying
Authors@R: c(person(given = "Shiqing",
family = "Yu",
role = c("aut", "cre"),
email = "syu.phd@gmail.com"),
person(given = "Lina",
family = "Lin",
role = "aut"),
person(given = "Wally",
family = "Gilks",
role = "aut"))
as necessary.
Flavors: r-devel-linux-x86_64-debian-clang, r-devel-linux-x86_64-debian-gcc
Version: 1.0.2.2
Check: examples
Result: NOTE
Examples with CPU (user + system) or elapsed time > 5s
user system elapsed
avgrocs 4.254 0.049 5.457
Flavor: r-devel-linux-x86_64-debian-clang