Last updated on 2025-04-30 04:50:06 CEST.
Flavor | Version | Tinstall | Tcheck | Ttotal | Status | Flags |
---|---|---|---|---|---|---|
r-devel-linux-x86_64-debian-clang | 0.1.1 | 1.91 | 166.93 | 168.84 | NOTE | |
r-devel-linux-x86_64-debian-gcc | 0.1.1 | 1.57 | 90.44 | 92.01 | OK | |
r-devel-linux-x86_64-fedora-clang | 0.1.1 | 276.54 | OK | |||
r-devel-linux-x86_64-fedora-gcc | 0.1.1 | 280.03 | OK | |||
r-devel-windows-x86_64 | 0.1.1 | 5.00 | 149.00 | 154.00 | OK | |
r-patched-linux-x86_64 | 0.1.1 | 2.20 | 159.13 | 161.33 | OK | |
r-release-linux-x86_64 | 0.1.1 | 1.94 | 160.38 | 162.32 | OK | |
r-release-macos-arm64 | 0.1.1 | 76.00 | OK | |||
r-release-macos-x86_64 | 0.1.1 | 172.00 | OK | |||
r-release-windows-x86_64 | 0.1.1 | 3.00 | 152.00 | 155.00 | OK | |
r-oldrel-macos-arm64 | 0.1.1 | 95.00 | OK | |||
r-oldrel-macos-x86_64 | 0.1.1 | 184.00 | OK | |||
r-oldrel-windows-x86_64 | 0.1.1 | 3.00 | 214.00 | 217.00 | OK |
Version: 0.1.1
Check: examples
Result: NOTE
Examples with CPU (user + system) or elapsed time > 5s
user system elapsed
Genset 5.682 0.042 6.8
Flavor: r-devel-linux-x86_64-debian-clang