Last updated on 2025-04-30 04:50:06 CEST.
Flavor | Version | Tinstall | Tcheck | Ttotal | Status | Flags |
---|---|---|---|---|---|---|
r-devel-linux-x86_64-debian-clang | 1.0.0 | 2.49 | 40.15 | 42.64 | OK | |
r-devel-linux-x86_64-debian-gcc | 1.0.0 | 1.89 | 30.34 | 32.23 | ERROR | |
r-devel-linux-x86_64-fedora-clang | 1.0.0 | 62.46 | OK | |||
r-devel-linux-x86_64-fedora-gcc | 1.0.0 | 77.50 | OK | |||
r-devel-windows-x86_64 | 1.0.0 | 6.00 | 71.00 | 77.00 | OK | |
r-patched-linux-x86_64 | 1.0.0 | 2.07 | 37.89 | 39.96 | OK | |
r-release-linux-x86_64 | 1.0.0 | 2.65 | 38.30 | 40.95 | OK | |
r-release-macos-arm64 | 1.0.0 | 50.00 | OK | |||
r-release-macos-x86_64 | 1.0.0 | 67.00 | OK | |||
r-release-windows-x86_64 | 1.0.0 | 6.00 | 81.00 | 87.00 | OK | |
r-oldrel-macos-arm64 | 1.0.0 | 44.00 | ERROR | |||
r-oldrel-macos-x86_64 | 1.0.0 | 55.00 | OK | |||
r-oldrel-windows-x86_64 | 1.0.0 | 6.00 | 71.00 | 77.00 | ERROR |
Version: 1.0.0
Check: examples
Result: ERROR
Running examples in ‘geoAr-Ex.R’ failed
The error most likely occurred in:
> base::assign(".ptime", proc.time(), pos = "CheckExEnv")
> ### Name: get_eph
> ### Title: Carga poligonos de los Aglomerados Urbanos correspondientes a la
> ### Encuesta Permanente de Hogares (INDEC)
> ### Aliases: get_eph
>
> ### ** Examples
>
> get_eph(geo = "TUCUMAN")
Fail to download data. Source is not available // La fuente de datos no esta disponible
Error in UseMethod("filter") :
no applicable method for 'filter' applied to an object of class "NULL"
Calls: get_eph -> %>% -> <Anonymous>
Execution halted
Flavor: r-devel-linux-x86_64-debian-gcc
Version: 1.0.0
Check: re-building of vignette outputs
Result: ERROR
Error(s) in re-building vignettes:
--- re-building ‘geoAr_geofacet.Rmd’ using rmarkdown
File figure/tucmap-1.png not found in resource path
Error: processing vignette 'geoAr_geofacet.Rmd' failed with diagnostics:
pandoc document conversion failed with error 99
--- failed re-building ‘geoAr_geofacet.Rmd’
--- re-building ‘geoAr_leaflet.Rmd’ using rmarkdown
File figure/map-1.png not found in resource path
Error: processing vignette 'geoAr_leaflet.Rmd' failed with diagnostics:
pandoc document conversion failed with error 99
--- failed re-building ‘geoAr_leaflet.Rmd’
--- re-building ‘georefar.Rmd’ using rmarkdown
--- finished re-building ‘georefar.Rmd’
SUMMARY: processing the following files failed:
‘geoAr_geofacet.Rmd’ ‘geoAr_leaflet.Rmd’
Error: Vignette re-building failed.
Execution halted
Flavors: r-oldrel-macos-arm64, r-oldrel-windows-x86_64