CRAN Package Check Results for Package geoBayes

Last updated on 2025-04-30 04:50:06 CEST.

Flavor Version Tinstall Tcheck Ttotal Status Flags
r-devel-linux-x86_64-debian-clang 0.7.4 44.02 51.74 95.76 NOTE
r-devel-linux-x86_64-debian-gcc 0.7.4 26.94 37.08 64.02 NOTE
r-devel-linux-x86_64-fedora-clang 0.7.4 142.16 OK
r-devel-linux-x86_64-fedora-gcc 0.7.4 142.18 OK
r-devel-windows-x86_64 0.7.4 51.00 84.00 135.00 OK
r-patched-linux-x86_64 0.7.4 39.70 50.14 89.84 NOTE
r-release-linux-x86_64 0.7.4 35.07 50.45 85.52 NOTE
r-release-macos-arm64 0.7.4 48.00 OK
r-release-macos-x86_64 0.7.4 70.00 OK
r-release-windows-x86_64 0.7.4 47.00 80.00 127.00 OK
r-oldrel-macos-arm64 0.7.4 59.00 OK
r-oldrel-macos-x86_64 0.7.4 67.00 OK
r-oldrel-windows-x86_64 0.7.4 56.00 85.00 141.00 OK

Check Details

Version: 0.7.4
Check: for unstated dependencies in ‘demo’
Result: NOTE '::' or ':::' import not declared from: ‘geoR’ 'library' or 'require' calls not declared from: ‘geoR’ ‘mcmcplots’ Flavors: r-devel-linux-x86_64-debian-clang, r-devel-linux-x86_64-debian-gcc, r-patched-linux-x86_64, r-release-linux-x86_64