Last updated on 2025-04-30 04:50:06 CEST.
Flavor | Version | Tinstall | Tcheck | Ttotal | Status | Flags |
---|---|---|---|---|---|---|
r-devel-linux-x86_64-debian-clang | 0.1.1 | 20.05 | 45.17 | 65.22 | NOTE | |
r-devel-linux-x86_64-debian-gcc | 0.1.1 | 13.55 | 34.01 | 47.56 | NOTE | |
r-devel-linux-x86_64-fedora-clang | 0.1.1 | 103.36 | NOTE | |||
r-devel-linux-x86_64-fedora-gcc | 0.1.1 | 98.77 | NOTE | |||
r-devel-windows-x86_64 | 0.1.1 | 24.00 | 81.00 | 105.00 | NOTE | |
r-patched-linux-x86_64 | 0.1.1 | 18.25 | 45.36 | 63.61 | NOTE | |
r-release-linux-x86_64 | 0.1.1 | 19.40 | 46.70 | 66.10 | NOTE | |
r-release-macos-arm64 | 0.1.1 | 34.00 | NOTE | |||
r-release-macos-x86_64 | 0.1.1 | 47.00 | NOTE | |||
r-release-windows-x86_64 | 0.1.1 | 24.00 | 77.00 | 101.00 | NOTE | |
r-oldrel-macos-arm64 | 0.1.1 | 28.00 | NOTE | |||
r-oldrel-macos-x86_64 | 0.1.1 | 39.00 | NOTE | |||
r-oldrel-windows-x86_64 | 0.1.1 | 27.00 | 86.00 | 113.00 | NOTE |
Version: 0.1.1
Check: C++ specification
Result: NOTE
Specified C++11: please drop specification unless essential
Flavors: r-devel-linux-x86_64-debian-clang, r-devel-linux-x86_64-debian-gcc, r-devel-linux-x86_64-fedora-clang, r-devel-linux-x86_64-fedora-gcc, r-devel-windows-x86_64, r-patched-linux-x86_64, r-release-linux-x86_64, r-release-macos-arm64, r-release-macos-x86_64, r-release-windows-x86_64, r-oldrel-macos-arm64, r-oldrel-macos-x86_64, r-oldrel-windows-x86_64
Version: 0.1.1
Check: examples
Result: NOTE
Examples with CPU (user + system) or elapsed time > 5s
user system elapsed
geo_fkf 10.786 0.422 7.306
log_lik_rf 8.468 0.294 5.479
Flavor: r-devel-linux-x86_64-debian-clang
Version: 0.1.1
Check: examples
Result: NOTE
Examples with CPU (user + system) or elapsed time > 5s
user system elapsed
log_lik_rf 6.796 0.122 4.264
geo_fkf 6.481 0.059 4.433
Flavor: r-devel-linux-x86_64-debian-gcc