Last updated on 2025-04-30 04:50:06 CEST.
Flavor | Version | Tinstall | Tcheck | Ttotal | Status | Flags |
---|---|---|---|---|---|---|
r-devel-linux-x86_64-debian-clang | 0.1.0 | 18.96 | 29.38 | 48.34 | NOTE | |
r-devel-linux-x86_64-debian-gcc | 0.1.0 | 11.90 | 23.42 | 35.32 | NOTE | |
r-devel-linux-x86_64-fedora-clang | 0.1.0 | 86.40 | NOTE | |||
r-devel-linux-x86_64-fedora-gcc | 0.1.0 | 79.80 | NOTE | |||
r-devel-windows-x86_64 | 0.1.0 | 25.00 | 76.00 | 101.00 | NOTE | |
r-patched-linux-x86_64 | 0.1.0 | 18.23 | 28.48 | 46.71 | NOTE | |
r-release-linux-x86_64 | 0.1.0 | 16.26 | 29.29 | 45.55 | NOTE | |
r-release-macos-arm64 | 0.1.0 | 27.00 | NOTE | |||
r-release-macos-x86_64 | 0.1.0 | 42.00 | NOTE | |||
r-release-windows-x86_64 | 0.1.0 | 22.00 | 73.00 | 95.00 | NOTE | |
r-oldrel-macos-arm64 | 0.1.0 | 25.00 | NOTE | |||
r-oldrel-macos-x86_64 | 0.1.0 | 37.00 | NOTE | |||
r-oldrel-windows-x86_64 | 0.1.0 | 26.00 | 84.00 | 110.00 | NOTE |
Version: 0.1.0
Check: C++ specification
Result: NOTE
Specified C++11: please drop specification unless essential
Flavors: r-devel-linux-x86_64-debian-clang, r-devel-linux-x86_64-debian-gcc, r-devel-linux-x86_64-fedora-clang, r-devel-linux-x86_64-fedora-gcc, r-devel-windows-x86_64, r-patched-linux-x86_64, r-release-linux-x86_64, r-release-macos-arm64, r-release-macos-x86_64, r-release-windows-x86_64, r-oldrel-macos-arm64, r-oldrel-macos-x86_64, r-oldrel-windows-x86_64