Last updated on 2025-04-30 04:50:06 CEST.
Flavor | Version | Tinstall | Tcheck | Ttotal | Status | Flags |
---|---|---|---|---|---|---|
r-devel-linux-x86_64-debian-clang | 1.9-5 | 27.58 | 139.35 | 166.93 | NOTE | |
r-devel-linux-x86_64-debian-gcc | 1.9-5 | 21.38 | 98.71 | 120.09 | OK | |
r-devel-linux-x86_64-fedora-clang | 1.9-5 | 281.11 | OK | |||
r-devel-linux-x86_64-fedora-gcc | 1.9-5 | 268.93 | OK | |||
r-devel-windows-x86_64 | 1.9-5 | 23.00 | 164.00 | 187.00 | OK | |
r-patched-linux-x86_64 | 1.9-4 | 29.92 | 132.00 | 161.92 | OK | |
r-release-linux-x86_64 | 1.9-5 | 25.01 | 135.22 | 160.23 | OK | |
r-release-macos-arm64 | 1.9-5 | 121.00 | OK | |||
r-release-macos-x86_64 | 1.9-5 | 182.00 | OK | |||
r-release-windows-x86_64 | 1.9-5 | 22.00 | 156.00 | 178.00 | OK | |
r-oldrel-macos-arm64 | 1.9-5 | 101.00 | OK | |||
r-oldrel-macos-x86_64 | 1.9-5 | 171.00 | OK | |||
r-oldrel-windows-x86_64 | 1.9-5 | 25.00 | 168.00 | 193.00 | OK |
Version: 1.9-5
Check: examples
Result: NOTE
Examples with CPU (user + system) or elapsed time > 5s
user system elapsed
xvalid 3.855 0.194 5.002
Flavor: r-devel-linux-x86_64-debian-clang