CRAN Package Check Results for Package geoTS

Last updated on 2025-04-30 04:50:06 CEST.

Flavor Version Tinstall Tcheck Ttotal Status Flags
r-devel-linux-x86_64-debian-clang 0.1.8 27.53 230.20 257.73 NOTE
r-devel-linux-x86_64-debian-gcc 0.1.8 17.67 147.49 165.16 NOTE
r-devel-linux-x86_64-fedora-clang 0.1.8 405.05 OK
r-devel-linux-x86_64-fedora-gcc 0.1.8 391.22 OK
r-devel-windows-x86_64 0.1.8 24.00 178.00 202.00 NOTE
r-patched-linux-x86_64 0.1.8 21.87 213.94 235.81 NOTE
r-release-linux-x86_64 0.1.8 24.21 221.60 245.81 NOTE
r-release-macos-arm64 0.1.8 87.00 OK
r-release-macos-x86_64 0.1.8 182.00 OK
r-release-windows-x86_64 0.1.8 25.00 173.00 198.00 NOTE
r-oldrel-macos-arm64 0.1.8 82.00 OK
r-oldrel-macos-x86_64 0.1.8 135.00 OK
r-oldrel-windows-x86_64 0.1.8 32.00 236.00 268.00 OK

Check Details

Version: 0.1.8
Check: Rd cross-references
Result: NOTE Found the following Rd file(s) with Rd \link{} targets missing package anchors: geoTS-package.Rd: reclassify Please provide package anchors for all Rd \link{} targets not in the package itself and the base packages. Flavors: r-devel-linux-x86_64-debian-clang, r-devel-linux-x86_64-debian-gcc, r-devel-windows-x86_64, r-patched-linux-x86_64, r-release-linux-x86_64, r-release-windows-x86_64