Last updated on 2025-04-30 04:50:06 CEST.
Flavor | Version | Tinstall | Tcheck | Ttotal | Status | Flags |
---|---|---|---|---|---|---|
r-devel-linux-x86_64-debian-clang | 0.3.4 | 107.04 | 509.41 | 616.45 | NOTE | |
r-devel-linux-x86_64-debian-gcc | 0.3.4 | 81.15 | 343.84 | 424.99 | NOTE | |
r-devel-linux-x86_64-fedora-clang | 0.3.4 | 1083.56 | OK | |||
r-devel-linux-x86_64-fedora-gcc | 0.3.4 | 1058.95 | OK | |||
r-devel-windows-x86_64 | 0.3.4 | 116.00 | 506.00 | 622.00 | OK | |
r-patched-linux-x86_64 | 0.3.4 | 113.76 | 481.27 | 595.03 | OK | |
r-release-linux-x86_64 | 0.3.4 | 107.28 | 480.71 | 587.99 | OK | |
r-release-macos-arm64 | 0.3.4 | 229.00 | OK | |||
r-release-macos-x86_64 | 0.3.4 | 433.00 | OK | |||
r-release-windows-x86_64 | 0.3.4 | 119.00 | 478.00 | 597.00 | OK | |
r-oldrel-macos-arm64 | 0.3.4 | 238.00 | NOTE | |||
r-oldrel-macos-x86_64 | 0.3.4 | 355.00 | NOTE | |||
r-oldrel-windows-x86_64 | 0.3.4 | 143.00 | 665.00 | 808.00 | NOTE |
Version: 0.3.4
Check: examples
Result: NOTE
Examples with CPU (user + system) or elapsed time > 5s
user system elapsed
summarizeClusters 7.307 0.176 7.646
Flavor: r-devel-linux-x86_64-debian-clang
Version: 0.3.4
Check: examples
Result: NOTE
Examples with CPU (user + system) or elapsed time > 5s
user system elapsed
summarizeClusters 5.384 0.216 6.786
Flavor: r-devel-linux-x86_64-debian-gcc
Version: 0.3.4
Check: installed package size
Result: NOTE
installed size is 9.5Mb
sub-directories of 1Mb or more:
extdata 3.0Mb
libs 4.0Mb
Flavors: r-oldrel-macos-arm64, r-oldrel-macos-x86_64, r-oldrel-windows-x86_64