Last updated on 2025-04-30 04:50:06 CEST.
Flavor | Version | Tinstall | Tcheck | Ttotal | Status | Flags |
---|---|---|---|---|---|---|
r-devel-linux-x86_64-debian-clang | 0.6-2 | 24.58 | 199.89 | 224.47 | NOTE | |
r-devel-linux-x86_64-debian-gcc | 0.6-2 | 14.51 | 122.38 | 136.89 | NOTE | |
r-devel-linux-x86_64-fedora-clang | 0.6-2 | 342.73 | OK | |||
r-devel-linux-x86_64-fedora-gcc | 0.6-2 | 333.36 | OK | |||
r-devel-windows-x86_64 | 0.6-2 | 22.00 | 169.00 | 191.00 | OK | |
r-patched-linux-x86_64 | 0.6-2 | 21.95 | 185.65 | 207.60 | OK | |
r-release-linux-x86_64 | 0.6-2 | 18.43 | 194.08 | 212.51 | OK | |
r-release-macos-arm64 | 0.6-2 | 98.00 | OK | |||
r-release-macos-x86_64 | 0.6-2 | 190.00 | OK | |||
r-release-windows-x86_64 | 0.6-2 | 23.00 | 169.00 | 192.00 | OK | |
r-oldrel-macos-arm64 | 0.6-2 | 106.00 | OK | |||
r-oldrel-macos-x86_64 | 0.6-2 | 259.00 | OK | |||
r-oldrel-windows-x86_64 | 0.6-2 | 27.00 | 229.00 | 256.00 | OK |
Version: 0.6-2
Check: CRAN incoming feasibility
Result: NOTE
Maintainer: ‘Robert J. Hijmans <r.hijmans@gmail.com>’
No Authors@R field in DESCRIPTION.
Please add one, modifying
Authors@R: c(person(given = c("Robert", "J."),
family = "Hijmans",
role = c("cre", "aut"),
email = "r.hijmans@gmail.com"),
person(given = "Márcia",
family = "Barbosa",
role = "ctb"),
person(given = "Aniruddha",
family = "Ghosh",
role = "ctb"),
person(given = "Alex",
family = "Mandel",
role = "ctb"))
as necessary.
Flavors: r-devel-linux-x86_64-debian-clang, r-devel-linux-x86_64-debian-gcc
Version: 0.6-2
Check: examples
Result: NOTE
Examples with CPU (user + system) or elapsed time > 5s
user system elapsed
sp_occurrence 1.369 0.097 5.025
Flavor: r-devel-linux-x86_64-debian-clang