CRAN Package Check Results for Package geodiv

Last updated on 2025-04-30 04:50:06 CEST.

Flavor Version Tinstall Tcheck Ttotal Status Flags
r-devel-linux-x86_64-debian-clang 1.1.0 48.53 296.17 344.70 NOTE
r-devel-linux-x86_64-debian-gcc 1.1.0 27.70 184.29 211.99 NOTE
r-devel-linux-x86_64-fedora-clang 1.1.0 544.73 OK
r-devel-linux-x86_64-fedora-gcc 1.1.0 530.47 OK
r-devel-windows-x86_64 1.1.0 46.00 277.00 323.00 OK
r-patched-linux-x86_64 1.1.0 44.11 274.55 318.66 OK
r-release-linux-x86_64 1.1.0 44.13 274.52 318.65 OK
r-release-macos-arm64 1.1.0 147.00 OK
r-release-macos-x86_64 1.1.0 255.00 OK
r-release-windows-x86_64 1.1.0 45.00 274.00 319.00 OK
r-oldrel-macos-arm64 1.1.0 118.00 OK
r-oldrel-macos-x86_64 1.1.0 187.00 OK
r-oldrel-windows-x86_64 1.1.0 56.00 368.00 424.00 OK

Check Details

Version: 1.1.0
Check: CRAN incoming feasibility
Result: NOTE Maintainer: ‘Annie C. Smith <annie.smith@dnr.wa.gov>’ No Authors@R field in DESCRIPTION. Please add one, modifying Authors@R: c(person(given = c("Annie", "C."), family = "Smith", role = c("aut", "cre"), email = "annie.smith@dnr.wa.gov"), person(given = "Phoebe", family = "Zarnetske", role = "aut"), person(given = "Kyla", family = "Dahlin", role = "aut"), person(given = "Adam", family = "Wilson", role = "aut"), person(given = "Andrew", family = "Latimer", role = "aut")) as necessary. Flavors: r-devel-linux-x86_64-debian-clang, r-devel-linux-x86_64-debian-gcc

Version: 1.1.0
Check: examples
Result: NOTE Examples with CPU (user + system) or elapsed time > 5s user system elapsed sdq6 4.295 0 5.986 Flavor: r-devel-linux-x86_64-debian-clang