Last updated on 2025-04-30 04:50:06 CEST.
Flavor | Version | Tinstall | Tcheck | Ttotal | Status | Flags |
---|---|---|---|---|---|---|
r-devel-linux-x86_64-debian-clang | 0.2.0 | 32.33 | 262.40 | 294.73 | OK | |
r-devel-linux-x86_64-debian-gcc | 0.2.0 | 19.58 | 173.52 | 193.10 | OK | |
r-devel-linux-x86_64-fedora-clang | 0.2.0 | 460.05 | NOTE | |||
r-devel-linux-x86_64-fedora-gcc | 0.2.0 | 463.86 | NOTE | |||
r-devel-windows-x86_64 | 0.2.0 | 29.00 | 222.00 | 251.00 | OK | |
r-patched-linux-x86_64 | 0.2.0 | 27.42 | 249.68 | 277.10 | OK | |
r-release-linux-x86_64 | 0.2.0 | 30.37 | 254.17 | 284.54 | OK | |
r-release-macos-arm64 | 0.2.0 | 119.00 | OK | |||
r-release-macos-x86_64 | 0.2.0 | 240.00 | OK | |||
r-release-windows-x86_64 | 0.2.0 | 29.00 | 220.00 | 249.00 | OK | |
r-oldrel-macos-arm64 | 0.2.0 | 120.00 | OK | |||
r-oldrel-macos-x86_64 | 0.2.0 | 363.00 | OK | |||
r-oldrel-windows-x86_64 | 0.2.0 | 38.00 | 294.00 | 332.00 | OK |
Version: 0.2.0
Check: dependencies in R code
Result: NOTE
Namespace in Imports field not imported from: ‘luz’
All declared Imports should be used.
Flavors: r-devel-linux-x86_64-fedora-clang, r-devel-linux-x86_64-fedora-gcc