Last updated on 2025-04-30 04:50:06 CEST.
Flavor | Version | Tinstall | Tcheck | Ttotal | Status | Flags |
---|---|---|---|---|---|---|
r-devel-linux-x86_64-debian-clang | 2.0.0 | 5.01 | 44.43 | 49.44 | OK | |
r-devel-linux-x86_64-debian-gcc | 2.0.0 | 4.44 | 35.09 | 39.53 | OK | |
r-devel-linux-x86_64-fedora-clang | 2.0.0 | 74.39 | OK | |||
r-devel-linux-x86_64-fedora-gcc | 2.0.0 | 75.29 | OK | |||
r-devel-windows-x86_64 | 2.0.0 | 7.00 | 60.00 | 67.00 | OK | |
r-patched-linux-x86_64 | 2.0.0 | 5.46 | 41.70 | 47.16 | OK | |
r-release-linux-x86_64 | 2.0.0 | 4.97 | 43.03 | 48.00 | OK | |
r-release-macos-arm64 | 2.0.0 | 30.00 | OK | |||
r-release-macos-x86_64 | 2.0.0 | 42.00 | OK | |||
r-release-windows-x86_64 | 2.0.0 | 8.00 | 62.00 | 70.00 | OK | |
r-oldrel-macos-arm64 | 2.0.0 | 24.00 | NOTE | |||
r-oldrel-macos-x86_64 | 2.0.0 | 36.00 | NOTE | |||
r-oldrel-windows-x86_64 | 2.0.0 | 8.00 | 69.00 | 77.00 | NOTE |
Version: 2.0.0
Check: LazyData
Result: NOTE
'LazyData' is specified without a 'data' directory
Flavors: r-oldrel-macos-arm64, r-oldrel-macos-x86_64, r-oldrel-windows-x86_64