Last updated on 2025-11-02 03:51:38 CET.
| Flavor | Version | Tinstall | Tcheck | Ttotal | Status | Flags |
|---|---|---|---|---|---|---|
| r-devel-linux-x86_64-debian-clang | 1.0.0 | 186.11 | 1529.58 | 1715.69 | OK | |
| r-devel-linux-x86_64-debian-gcc | 1.0.0 | 128.19 | 1049.02 | 1177.21 | OK | |
| r-devel-linux-x86_64-fedora-clang | 1.0.0 | 660.00 | 2012.46 | 2672.46 | OK | |
| r-devel-linux-x86_64-fedora-gcc | 1.0.0 | 1500.00 | 1018.56 | 2518.56 | OK | |
| r-devel-windows-x86_64 | 1.0.0 | 205.00 | 1401.00 | 1606.00 | OK | |
| r-patched-linux-x86_64 | 1.0.0 | 179.93 | 1464.81 | 1644.74 | OK | |
| r-release-linux-x86_64 | 1.0.0 | 180.93 | 1470.88 | 1651.81 | OK | |
| r-release-macos-arm64 | 1.0.0 | 151.00 | 912.00 | 1063.00 | OK | |
| r-release-macos-x86_64 | 1.0.0 | 167.00 | 1160.00 | 1327.00 | OK | |
| r-release-windows-x86_64 | 1.0.0 | 205.00 | 1361.00 | 1566.00 | OK | |
| r-oldrel-macos-arm64 | 1.0.0 | 153.00 | 920.00 | 1073.00 | NOTE | |
| r-oldrel-macos-x86_64 | 1.0.0 | 195.00 | 1175.00 | 1370.00 | NOTE | |
| r-oldrel-windows-x86_64 | 1.0.0 | 285.00 | 1949.00 | 2234.00 | NOTE |
Version: 1.0.0
Check: DESCRIPTION meta-information
Result: NOTE
Package listed in more than one of Depends, Imports, Suggests, Enhances:
‘mime’
A package should be listed in only one of these fields.
Flavors: r-oldrel-macos-arm64, r-oldrel-macos-x86_64, r-oldrel-windows-x86_64