Last updated on 2025-04-29 04:50:03 CEST.
Flavor | Version | Tinstall | Tcheck | Ttotal | Status | Flags |
---|---|---|---|---|---|---|
r-devel-linux-x86_64-debian-clang | 2.3.0 | 36.82 | 170.58 | 207.40 | NOTE | |
r-devel-linux-x86_64-debian-gcc | 2.3.0 | 29.23 | 118.90 | 148.13 | NOTE | |
r-devel-linux-x86_64-fedora-clang | 2.3.0 | 343.11 | NOTE | |||
r-devel-linux-x86_64-fedora-gcc | 2.3.0 | 358.43 | NOTE | |||
r-devel-windows-x86_64 | 2.3.0 | 46.00 | 212.00 | 258.00 | NOTE | |
r-patched-linux-x86_64 | 2.3.0 | 38.20 | 167.70 | 205.90 | NOTE | |
r-release-linux-x86_64 | 2.3.0 | 36.87 | 167.64 | 204.51 | NOTE | |
r-release-macos-arm64 | 2.3.0 | 97.00 | NOTE | |||
r-release-macos-x86_64 | 2.3.0 | 187.00 | NOTE | |||
r-release-windows-x86_64 | 2.3.0 | 49.00 | 221.00 | 270.00 | NOTE | |
r-oldrel-macos-arm64 | 2.3.0 | 90.00 | OK | |||
r-oldrel-macos-x86_64 | 2.3.0 | 141.00 | OK | |||
r-oldrel-windows-x86_64 | 2.3.0 | 60.00 | 266.00 | 326.00 | OK |
Version: 2.3.0
Check: DESCRIPTION meta-information
Result: NOTE
Missing dependency on R >= 4.1.0 because package code uses the pipe
|> or function shorthand \(...) syntax added in R 4.1.0.
File(s) using such syntax:
‘dra_vtd.R’ ‘heda.R’ ‘lewis.R’ ‘regionalize.R’
Flavors: r-devel-linux-x86_64-debian-clang, r-devel-linux-x86_64-debian-gcc, r-devel-linux-x86_64-fedora-clang, r-devel-linux-x86_64-fedora-gcc, r-devel-windows-x86_64, r-patched-linux-x86_64, r-release-linux-x86_64, r-release-macos-arm64, r-release-macos-x86_64, r-release-windows-x86_64
Version: 2.3.0
Check: examples
Result: NOTE
Examples with CPU (user + system) or elapsed time > 5s
user system elapsed
seam_rip 3.892 0 5.15
Flavor: r-devel-linux-x86_64-debian-gcc