Last updated on 2025-04-30 04:50:06 CEST.
Flavor | Version | Tinstall | Tcheck | Ttotal | Status | Flags |
---|---|---|---|---|---|---|
r-devel-linux-x86_64-debian-clang | 0.3.4 | 33.35 | 283.70 | 317.05 | NOTE | |
r-devel-linux-x86_64-debian-gcc | 0.3.4 | 20.70 | 180.99 | 201.69 | NOTE | |
r-devel-linux-x86_64-fedora-clang | 0.3.4 | 534.26 | OK | |||
r-devel-linux-x86_64-fedora-gcc | 0.3.4 | 522.59 | OK | |||
r-devel-windows-x86_64 | 0.3.4 | 29.00 | 214.00 | 243.00 | OK | |
r-patched-linux-x86_64 | 0.3.4 | 33.24 | 266.97 | 300.21 | OK | |
r-release-linux-x86_64 | 0.3.4 | 31.77 | 265.63 | 297.40 | OK | |
r-release-macos-arm64 | 0.3.4 | 117.00 | OK | |||
r-release-macos-x86_64 | 0.3.4 | 209.00 | OK | |||
r-release-windows-x86_64 | 0.3.4 | 30.00 | 213.00 | 243.00 | OK | |
r-oldrel-macos-arm64 | 0.3.4 | 96.00 | OK | |||
r-oldrel-macos-x86_64 | 0.3.4 | 169.00 | OK | |||
r-oldrel-windows-x86_64 | 0.3.4 | 38.00 | 287.00 | 325.00 | OK |
Version: 0.3.4
Check: CRAN incoming feasibility
Result: NOTE
Maintainer: ‘Karsten Donnay <kdonnay@gmx.net>’
No Authors@R field in DESCRIPTION.
Please add one, modifying
Authors@R: c(person(given = "Karsten",
family = "Donnay",
role = c("aut", "cre"),
email = "kdonnay@gmx.net"),
person(given = c("Andrew", "M."),
family = "Linke",
role = "aut"))
as necessary.
Flavors: r-devel-linux-x86_64-debian-clang, r-devel-linux-x86_64-debian-gcc