CRAN Package Check Results for Package geonames

Last updated on 2025-04-30 04:50:06 CEST.

Flavor Version Tinstall Tcheck Ttotal Status Flags
r-devel-linux-x86_64-debian-clang 0.999 1.73 19.79 21.52 NOTE
r-devel-linux-x86_64-debian-gcc 0.999 1.55 15.75 17.30 NOTE
r-devel-linux-x86_64-fedora-clang 0.999 32.67 OK
r-devel-linux-x86_64-fedora-gcc 0.999 31.00 OK
r-devel-windows-x86_64 0.999 4.00 43.00 47.00 OK
r-patched-linux-x86_64 0.999 2.02 18.38 20.40 OK
r-release-linux-x86_64 0.999 1.80 18.60 20.40 OK
r-release-macos-arm64 0.999 20.00 OK
r-release-macos-x86_64 0.999 27.00 OK
r-release-windows-x86_64 0.999 3.00 47.00 50.00 OK
r-oldrel-macos-arm64 0.999 14.00 OK
r-oldrel-macos-x86_64 0.999 23.00 OK
r-oldrel-windows-x86_64 0.999 3.00 44.00 47.00 OK

Check Details

Version: 0.999
Check: CRAN incoming feasibility
Result: NOTE Maintainer: ‘Barry Rowlingson <b.rowlingson@gmail.com>’ No Authors@R field in DESCRIPTION. Please add one, modifying Authors@R: person(given = "Barry", family = "Rowlingson", role = c("aut", "cre"), email = "b.rowlingson@gmail.com") as necessary. Flavors: r-devel-linux-x86_64-debian-clang, r-devel-linux-x86_64-debian-gcc