Last updated on 2025-04-30 04:50:06 CEST.
Flavor | Version | Tinstall | Tcheck | Ttotal | Status | Flags |
---|---|---|---|---|---|---|
r-devel-linux-x86_64-debian-clang | 1.5-20 | 72.45 | 78.73 | 151.18 | NOTE | |
r-devel-linux-x86_64-debian-gcc | 1.5-20 | 49.39 | 54.63 | 104.02 | NOTE | |
r-devel-linux-x86_64-fedora-clang | 1.5-20 | 298.03 | OK | |||
r-devel-linux-x86_64-fedora-gcc | 1.5-20 | 273.91 | OK | |||
r-devel-windows-x86_64 | 1.5-20 | 100.00 | 133.00 | 233.00 | OK | |
r-patched-linux-x86_64 | 1.5-20 | 72.96 | 73.90 | 146.86 | OK | |
r-release-linux-x86_64 | 1.5-20 | 72.06 | 74.75 | 146.81 | OK | |
r-release-macos-arm64 | 1.5-20 | 66.00 | OK | |||
r-release-macos-x86_64 | 1.5-20 | 119.00 | OK | |||
r-release-windows-x86_64 | 1.5-20 | 98.00 | 134.00 | 232.00 | OK | |
r-oldrel-macos-arm64 | 1.5-20 | 80.00 | NOTE | |||
r-oldrel-macos-x86_64 | 1.5-20 | 122.00 | NOTE | |||
r-oldrel-windows-x86_64 | 1.5-20 | 109.00 | 144.00 | 253.00 | OK |
Version: 1.5-20
Check: examples
Result: NOTE
Examples with CPU (user + system) or elapsed time > 5s
user system elapsed
span 8.687 0.146 12.468
Flavor: r-devel-linux-x86_64-debian-clang
Version: 1.5-20
Check: examples
Result: NOTE
Examples with CPU (user + system) or elapsed time > 5s
user system elapsed
span 5.1 0.136 6.451
Flavor: r-devel-linux-x86_64-debian-gcc
Version: 1.5-20
Check: installed package size
Result: NOTE
installed size is 6.1Mb
sub-directories of 1Mb or more:
libs 5.1Mb
Flavors: r-oldrel-macos-arm64, r-oldrel-macos-x86_64