Last updated on 2025-04-30 04:50:06 CEST.
Flavor | Version | Tinstall | Tcheck | Ttotal | Status | Flags |
---|---|---|---|---|---|---|
r-devel-linux-x86_64-debian-clang | 1.0-5 | 8.82 | 93.34 | 102.16 | NOTE | |
r-devel-linux-x86_64-debian-gcc | 1.0-5 | 5.83 | 63.58 | 69.41 | NOTE | |
r-devel-linux-x86_64-fedora-clang | 1.0-5 | 155.95 | OK | |||
r-devel-linux-x86_64-fedora-gcc | 1.0-5 | 149.81 | OK | |||
r-devel-windows-x86_64 | 1.0-5 | 11.00 | 106.00 | 117.00 | OK | |
r-patched-linux-x86_64 | 1.0-5 | 8.87 | 88.35 | 97.22 | OK | |
r-release-linux-x86_64 | 1.0-5 | 8.72 | 91.29 | 100.01 | OK | |
r-release-macos-arm64 | 1.0-5 | 52.00 | OK | |||
r-release-macos-x86_64 | 1.0-5 | 73.00 | OK | |||
r-release-windows-x86_64 | 1.0-5 | 10.00 | 109.00 | 119.00 | OK | |
r-oldrel-macos-arm64 | 1.0-5 | 46.00 | OK | |||
r-oldrel-macos-x86_64 | 1.0-5 | 82.00 | OK | |||
r-oldrel-windows-x86_64 | 1.0-5 | 12.00 | 128.00 | 140.00 | OK |
Version: 1.0-5
Check: examples
Result: NOTE
Examples with CPU (user + system) or elapsed time > 5s
user system elapsed
graph.rbf 7.521 0.024 8.374
rbf 4.743 0.024 5.910
Flavor: r-devel-linux-x86_64-debian-clang
Version: 1.0-5
Check: examples
Result: NOTE
Examples with CPU (user + system) or elapsed time > 5s
user system elapsed
graph.rbf 4.235 0 5.654
Flavor: r-devel-linux-x86_64-debian-gcc