Last updated on 2025-04-30 04:50:06 CEST.
Flavor | Version | Tinstall | Tcheck | Ttotal | Status | Flags |
---|---|---|---|---|---|---|
r-devel-linux-x86_64-debian-clang | 1.0-1 | 18.52 | 154.55 | 173.07 | NOTE | |
r-devel-linux-x86_64-debian-gcc | 1.0-1 | 12.10 | 103.85 | 115.95 | NOTE | |
r-devel-linux-x86_64-fedora-clang | 1.0-1 | 251.86 | OK | |||
r-devel-linux-x86_64-fedora-gcc | 1.0-1 | 242.43 | OK | |||
r-devel-windows-x86_64 | 1.0-1 | 18.00 | 156.00 | 174.00 | OK | |
r-patched-linux-x86_64 | 1.0-1 | 16.96 | 139.73 | 156.69 | OK | |
r-release-linux-x86_64 | 1.0-1 | 15.21 | 145.11 | 160.32 | OK | |
r-release-macos-arm64 | 1.0-1 | 66.00 | OK | |||
r-release-macos-x86_64 | 1.0-1 | 133.00 | OK | |||
r-release-windows-x86_64 | 1.0-1 | 19.00 | 149.00 | 168.00 | OK | |
r-oldrel-macos-arm64 | 1.0-1 | 66.00 | OK | |||
r-oldrel-macos-x86_64 | 1.0-1 | 96.00 | OK | |||
r-oldrel-windows-x86_64 | 1.0-1 | 21.00 | 185.00 | 206.00 | OK |
Version: 1.0-1
Check: CRAN incoming feasibility
Result: NOTE
Maintainer: ‘Carlos Melo <cmelo@udistrital.edu.co>’
Package CITATION file contains call(s) to old-style personList() or
as.personList(). Please use c() on person objects instead.
Package CITATION file contains call(s) to old-style citEntry(). Please
use bibentry() instead.
Flavors: r-devel-linux-x86_64-debian-clang, r-devel-linux-x86_64-debian-gcc