Last updated on 2025-04-30 04:50:06 CEST.
Flavor | Version | Tinstall | Tcheck | Ttotal | Status | Flags |
---|---|---|---|---|---|---|
r-devel-linux-x86_64-debian-clang | 0.8.1 | 290.44 | 502.99 | 793.43 | NOTE | |
r-devel-linux-x86_64-debian-gcc | 0.8.1 | 251.20 | 364.35 | 615.55 | NOTE | |
r-devel-linux-x86_64-fedora-clang | 0.8.1 | 1174.10 | NOTE | |||
r-devel-linux-x86_64-fedora-gcc | 0.8.1 | 1348.23 | NOTE | |||
r-devel-windows-x86_64 | 0.8.1 | 273.00 | 631.00 | 904.00 | NOTE | |
r-patched-linux-x86_64 | 0.8.1 | 336.42 | 506.03 | 842.45 | NOTE | |
r-release-linux-x86_64 | 0.8.1 | 321.39 | 507.34 | 828.73 | NOTE | |
r-release-macos-arm64 | 0.8.1 | 314.00 | NOTE | |||
r-release-macos-x86_64 | 0.8.1 | 684.00 | NOTE | |||
r-release-windows-x86_64 | 0.8.1 | 260.00 | 616.00 | 876.00 | NOTE | |
r-oldrel-macos-arm64 | 0.8.1 | 179.00 | NOTE | |||
r-oldrel-macos-x86_64 | 0.8.1 | 326.00 | NOTE | |||
r-oldrel-windows-x86_64 | 0.8.1 | 306.00 | 754.00 | 1060.00 | NOTE |
Version: 0.8.1
Check: DESCRIPTION meta-information
Result: NOTE
Missing dependency on R >= 4.1.0 because package code uses the pipe
|> or function shorthand \(...) syntax added in R 4.1.0.
File(s) using such syntax:
‘impacts.R’ ‘posterior_predict.R’
Flavors: r-devel-linux-x86_64-debian-clang, r-devel-linux-x86_64-debian-gcc, r-devel-linux-x86_64-fedora-clang, r-devel-linux-x86_64-fedora-gcc, r-devel-windows-x86_64, r-patched-linux-x86_64, r-release-linux-x86_64, r-release-macos-arm64, r-release-macos-x86_64, r-release-windows-x86_64
Version: 0.8.1
Check: examples
Result: NOTE
Examples with CPU (user + system) or elapsed time > 5s
user system elapsed
stan_car 6.767 0.049 9.846
stan_glm 5.955 0.021 7.520
posterior_predict 4.297 0.063 6.119
stan_sar 4.094 0.004 6.524
Flavor: r-devel-linux-x86_64-debian-clang
Version: 0.8.1
Check: dependencies in R code
Result: NOTE
Namespaces in Imports field not imported from:
‘RcppParallel’ ‘rstantools’ ‘spData’
All declared Imports should be used.
Flavors: r-devel-linux-x86_64-fedora-clang, r-devel-linux-x86_64-fedora-gcc
Version: 0.8.1
Check: installed package size
Result: NOTE
installed size is 111.8Mb
sub-directories of 1Mb or more:
doc 1.2Mb
libs 109.4Mb
Flavors: r-oldrel-macos-arm64, r-oldrel-macos-x86_64, r-oldrel-windows-x86_64
Version: 0.8.1
Check: for GNU extensions in Makefiles
Result: NOTE
GNU make is a SystemRequirements.
Flavors: r-oldrel-macos-arm64, r-oldrel-macos-x86_64, r-oldrel-windows-x86_64