Last updated on 2025-04-30 04:50:06 CEST.
Flavor | Version | Tinstall | Tcheck | Ttotal | Status | Flags |
---|---|---|---|---|---|---|
r-devel-linux-x86_64-debian-clang | 0.1.9 | 8.87 | 73.08 | 81.95 | NOTE | |
r-devel-linux-x86_64-debian-gcc | 0.1.9 | 4.97 | 47.92 | 52.89 | NOTE | |
r-devel-linux-x86_64-fedora-clang | 0.1.9 | 124.62 | OK | |||
r-devel-linux-x86_64-fedora-gcc | 0.1.9 | 133.12 | OK | |||
r-devel-windows-x86_64 | 0.1.9 | 9.00 | 103.00 | 112.00 | OK | |
r-patched-linux-x86_64 | 0.1.9 | 7.95 | 64.42 | 72.37 | OK | |
r-release-linux-x86_64 | 0.1.9 | 6.41 | 63.97 | 70.38 | OK | |
r-release-macos-arm64 | 0.1.9 | 41.00 | OK | |||
r-release-macos-x86_64 | 0.1.9 | 91.00 | OK | |||
r-release-windows-x86_64 | 0.1.9 | 9.00 | 104.00 | 113.00 | OK | |
r-oldrel-macos-arm64 | 0.1.9 | 42.00 | OK | |||
r-oldrel-macos-x86_64 | 0.1.9 | 82.00 | OK | |||
r-oldrel-windows-x86_64 | 0.1.9 | 12.00 | 110.00 | 122.00 | OK |
Version: 0.1.9
Check: CRAN incoming feasibility
Result: NOTE
Maintainer: ‘Michael Robbins <mrobbins@rand.org>’
The Description field contains
Robbins (2021) <arXiv:2008.02243>.
Please refer to arXiv e-prints via their arXiv DOI <doi:10.48550/arXiv.YYMM.NNNNN>.
Flavors: r-devel-linux-x86_64-debian-clang, r-devel-linux-x86_64-debian-gcc
Version: 0.1.9
Check: examples
Result: NOTE
Examples with CPU (user + system) or elapsed time > 5s
user system elapsed
gerbil 5.406 0.121 6.826
Flavor: r-devel-linux-x86_64-debian-clang