Last updated on 2025-04-30 04:50:06 CEST.
Flavor | Version | Tinstall | Tcheck | Ttotal | Status | Flags |
---|---|---|---|---|---|---|
r-devel-linux-x86_64-debian-clang | 2.1.5 | 7.86 | 36.19 | 44.05 | OK | |
r-devel-linux-x86_64-debian-gcc | 2.1.5 | 6.50 | 26.61 | 33.11 | OK | |
r-devel-linux-x86_64-fedora-clang | 2.1.5 | 66.93 | OK | |||
r-devel-linux-x86_64-fedora-gcc | 2.1.5 | 79.03 | OK | |||
r-devel-windows-x86_64 | 2.1.5 | 23.00 | 134.00 | 157.00 | OK | |
r-patched-linux-x86_64 | 2.1.5 | 8.39 | 33.87 | 42.26 | OK | |
r-release-linux-x86_64 | 2.1.5 | 7.05 | 33.50 | 40.55 | OK | |
r-release-macos-arm64 | 2.1.5 | 44.00 | OK | |||
r-release-macos-x86_64 | 2.1.5 | 79.00 | OK | |||
r-release-windows-x86_64 | 2.1.5 | 25.00 | 128.00 | 153.00 | OK | |
r-oldrel-macos-arm64 | 2.1.5 | 39.00 | NOTE | |||
r-oldrel-macos-x86_64 | 2.1.5 | 119.00 | NOTE | |||
r-oldrel-windows-x86_64 | 2.1.5 | 25.00 | 151.00 | 176.00 | NOTE |
Version: 2.1.5
Check: installed package size
Result: NOTE
installed size is 6.9Mb
sub-directories of 1Mb or more:
libs 6.5Mb
Flavors: r-oldrel-macos-arm64, r-oldrel-macos-x86_64, r-oldrel-windows-x86_64