CRAN Package Check Results for Package gfboost

Last updated on 2025-07-05 04:50:15 CEST.

Flavor Version Tinstall Tcheck Ttotal Status Flags
r-devel-linux-x86_64-debian-clang 0.1.1 7.34 104.22 111.56 NOTE
r-devel-linux-x86_64-debian-gcc 0.1.1 5.77 72.87 78.64 NOTE
r-devel-linux-x86_64-fedora-clang 0.1.1 178.62 OK
r-devel-linux-x86_64-fedora-gcc 0.1.1 179.91 OK
r-devel-windows-x86_64 0.1.1 10.00 106.00 116.00 OK
r-patched-linux-x86_64 0.1.1 7.88 97.56 105.44 OK
r-release-linux-x86_64 0.1.1 7.48 97.59 105.07 OK
r-release-macos-arm64 0.1.1 59.00 OK
r-release-macos-x86_64 0.1.1 101.00 OK
r-release-windows-x86_64 0.1.1 10.00 106.00 116.00 OK
r-oldrel-macos-arm64 0.1.1 54.00 OK
r-oldrel-macos-x86_64 0.1.1 84.00 OK
r-oldrel-windows-x86_64 0.1.1 13.00 137.00 150.00 OK

Check Details

Version: 0.1.1
Check: CRAN incoming feasibility
Result: NOTE Maintainer: ‘Tino Werner <tino.werner1@uni-oldenburg.de>’ Package CITATION file contains call(s) to old-style personList() or as.personList(). Please use c() on person objects instead. Package CITATION file contains call(s) to old-style citEntry(). Please use bibentry() instead. Flavors: r-devel-linux-x86_64-debian-clang, r-devel-linux-x86_64-debian-gcc