CRAN Package Check Results for Package gfcanalysis

Last updated on 2025-04-30 04:50:06 CEST.

Flavor Version Tinstall Tcheck Ttotal Status Flags
r-devel-linux-x86_64-debian-clang 1.8.0 33.80 265.69 299.49 NOTE
r-devel-linux-x86_64-debian-gcc 1.8.0 22.59 175.20 197.79 NOTE
r-devel-linux-x86_64-fedora-clang 1.8.0 463.54 OK
r-devel-linux-x86_64-fedora-gcc 1.8.0 461.03 OK
r-devel-windows-x86_64 1.8.0 30.00 210.00 240.00 NOTE
r-patched-linux-x86_64 1.8.0 31.77 258.09 289.86 NOTE
r-release-linux-x86_64 1.8.0 32.56 260.18 292.74 NOTE
r-release-macos-arm64 1.8.0 129.00 OK
r-release-macos-x86_64 1.8.0 215.00 OK
r-release-windows-x86_64 1.8.0 30.00 208.00 238.00 NOTE
r-oldrel-macos-arm64 1.8.0 98.00 OK
r-oldrel-macos-x86_64 1.8.0 173.00 OK
r-oldrel-windows-x86_64 1.8.0 39.00 284.00 323.00 OK

Check Details

Version: 1.8.0
Check: Rd cross-references
Result: NOTE Found the following Rd file(s) with Rd \link{} targets missing package anchors: extract_gfc.Rd: writeRaster scale_by_pixel_area.Rd: dataType scale_toar.Rd: writeRaster Please provide package anchors for all Rd \link{} targets not in the package itself and the base packages. Flavors: r-devel-linux-x86_64-debian-clang, r-devel-linux-x86_64-debian-gcc, r-devel-windows-x86_64, r-patched-linux-x86_64, r-release-linux-x86_64, r-release-windows-x86_64