CRAN Package Check Results for Package gfer

Last updated on 2025-04-30 04:50:06 CEST.

Flavor Version Tinstall Tcheck Ttotal Status Flags
r-devel-linux-x86_64-debian-clang 0.1.12 9.43 74.43 83.86 OK
r-devel-linux-x86_64-debian-gcc 0.1.12 5.95 53.48 59.43 OK
r-devel-linux-x86_64-fedora-clang 0.1.12 111.17 NOTE
r-devel-linux-x86_64-fedora-gcc 0.1.12 126.54 NOTE
r-devel-windows-x86_64 0.1.12 12.00 96.00 108.00 OK
r-patched-linux-x86_64 0.1.12 8.81 68.94 77.75 OK
r-release-linux-x86_64 0.1.12 8.92 68.55 77.47 OK
r-release-macos-arm64 0.1.12 43.00 OK
r-release-macos-x86_64 0.1.12 88.00 OK
r-release-windows-x86_64 0.1.12 13.00 101.00 114.00 OK
r-oldrel-macos-arm64 0.1.12 39.00 OK
r-oldrel-macos-x86_64 0.1.12 62.00 OK
r-oldrel-windows-x86_64 0.1.12 13.00 112.00 125.00 OK

Check Details

Version: 0.1.12
Check: dependencies in R code
Result: NOTE Namespaces in Imports field not imported from: ‘googlesheets4’ ‘tidyr’ All declared Imports should be used. Flavors: r-devel-linux-x86_64-fedora-clang, r-devel-linux-x86_64-fedora-gcc