CRAN Package Check Results for Package gfunctions

Last updated on 2025-02-22 05:51:36 CET.

Flavor Version Tinstall Tcheck Ttotal Status Flags
r-devel-linux-x86_64-debian-clang 1.0 2.05 21.21 23.26 NOTE
r-devel-linux-x86_64-debian-gcc 1.0 1.74 16.95 18.69 NOTE
r-devel-linux-x86_64-fedora-clang 1.0 36.22 OK
r-devel-linux-x86_64-fedora-gcc 1.0 35.18 OK
r-devel-macos-arm64 1.0 17.00 OK
r-devel-macos-x86_64 1.0 24.00 OK
r-devel-windows-x86_64 1.0 3.00 46.00 49.00 NOTE
r-patched-linux-x86_64 1.0 3.22 20.24 23.46 OK
r-release-linux-x86_64 1.0 2.07 20.21 22.28 OK
r-release-macos-arm64 1.0 18.00 OK
r-release-macos-x86_64 1.0 23.00 OK
r-release-windows-x86_64 1.0 3.00 42.00 45.00 OK
r-oldrel-macos-arm64 1.0 21.00 OK
r-oldrel-macos-x86_64 1.0 36.00 OK
r-oldrel-windows-x86_64 1.0 4.00 46.00 50.00 OK

Check Details

Version: 1.0
Check: Rd cross-references
Result: NOTE Found the following Rd file(s) with Rd \link{} targets missing package anchors: glag.Rd: zoo, lag.zoo gsummary.Rd: vcovHC, NeweyWest Please provide package anchors for all Rd \link{} targets not in the package itself and the base packages. Flavors: r-devel-linux-x86_64-debian-clang, r-devel-linux-x86_64-debian-gcc, r-devel-windows-x86_64