CRAN Package Check Results for Package gg1d

Last updated on 2025-04-30 04:50:06 CEST.

Flavor Version Tinstall Tcheck Ttotal Status Flags
r-devel-linux-x86_64-debian-clang 0.1.0 5.66 76.13 81.79 NOTE
r-devel-linux-x86_64-debian-gcc 0.1.0 3.70 51.34 55.04 OK
r-devel-linux-x86_64-fedora-clang 0.1.0 113.44 OK
r-devel-linux-x86_64-fedora-gcc 0.1.0 113.51 OK
r-devel-windows-x86_64 0.1.0 9.00 83.00 92.00 OK
r-patched-linux-x86_64 0.1.0 4.86 70.22 75.08 OK
r-release-linux-x86_64 0.1.0 4.42 70.65 75.07 OK
r-release-macos-arm64 0.1.0 44.00 OK
r-release-macos-x86_64 0.1.0 74.00 OK
r-release-windows-x86_64 0.1.0 8.00 83.00 91.00 OK
r-oldrel-macos-arm64 0.1.0 37.00 OK
r-oldrel-macos-x86_64 0.1.0 71.00 OK
r-oldrel-windows-x86_64 0.1.0 10.00 104.00 114.00 OK

Check Details

Version: 0.1.0
Check: examples
Result: NOTE Examples with CPU (user + system) or elapsed time > 5s user system elapsed gg1d 5.416 0.289 8.299 Flavor: r-devel-linux-x86_64-debian-clang