Last updated on 2025-04-30 04:50:06 CEST.
Flavor | Version | Tinstall | Tcheck | Ttotal | Status | Flags |
---|---|---|---|---|---|---|
r-devel-linux-x86_64-debian-clang | 0.3.0 | 4.62 | 61.28 | 65.90 | NOTE | |
r-devel-linux-x86_64-debian-gcc | 0.3.0 | 3.11 | 41.07 | 44.18 | OK | |
r-devel-linux-x86_64-fedora-clang | 0.3.0 | 90.91 | OK | |||
r-devel-linux-x86_64-fedora-gcc | 0.3.0 | 92.33 | OK | |||
r-devel-windows-x86_64 | 0.3.0 | 6.00 | 78.00 | 84.00 | OK | |
r-patched-linux-x86_64 | 0.3.0 | 4.91 | 56.61 | 61.52 | OK | |
r-release-linux-x86_64 | 0.3.0 | 4.82 | 56.61 | 61.43 | OK | |
r-release-macos-arm64 | 0.3.0 | 37.00 | OK | |||
r-release-macos-x86_64 | 0.3.0 | 53.00 | OK | |||
r-release-windows-x86_64 | 0.3.0 | 7.00 | 78.00 | 85.00 | OK | |
r-oldrel-macos-arm64 | 0.3.0 | 30.00 | OK | |||
r-oldrel-macos-x86_64 | 0.3.0 | 45.00 | OK | |||
r-oldrel-windows-x86_64 | 0.3.0 | 8.00 | 94.00 | 102.00 | OK |
Version: 0.3.0
Check: examples
Result: NOTE
Examples with CPU (user + system) or elapsed time > 5s
user system elapsed
scale_brow 6.442 0.157 8.880
scale_smile 4.396 0.007 5.998
scale_eyes 4.303 0.023 6.685
Flavor: r-devel-linux-x86_64-debian-clang