Last updated on 2025-11-02 03:51:39 CET.
| Flavor | Version | Tinstall | Tcheck | Ttotal | Status | Flags |
|---|---|---|---|---|---|---|
| r-devel-linux-x86_64-debian-clang | 0.3.0 | 10.12 | 168.71 | 178.83 | OK | |
| r-devel-linux-x86_64-debian-gcc | 0.3.2 | 6.30 | 108.36 | 114.66 | OK | |
| r-devel-linux-x86_64-fedora-clang | 0.3.2 | 47.00 | 241.13 | 288.13 | NOTE | |
| r-devel-linux-x86_64-fedora-gcc | 0.3.2 | 21.00 | 247.82 | 268.82 | NOTE | |
| r-devel-windows-x86_64 | 0.3.2 | 12.00 | 168.00 | 180.00 | OK | |
| r-patched-linux-x86_64 | 0.3.0 | 9.59 | 158.06 | 167.65 | OK | |
| r-release-linux-x86_64 | 0.3.2 | 8.68 | 158.70 | 167.38 | OK | |
| r-release-macos-arm64 | 0.3.2 | 4.00 | 68.00 | 72.00 | OK | |
| r-release-macos-x86_64 | 0.3.2 | 10.00 | 191.00 | 201.00 | OK | |
| r-release-windows-x86_64 | 0.3.2 | 11.00 | 164.00 | 175.00 | OK | |
| r-oldrel-macos-arm64 | 0.3.2 | 4.00 | 72.00 | 76.00 | OK | |
| r-oldrel-macos-x86_64 | 0.3.2 | 10.00 | 179.00 | 189.00 | OK | |
| r-oldrel-windows-x86_64 | 0.3.2 | 16.00 | 224.00 | 240.00 | OK |
Version: 0.3.2
Check: dependencies in R code
Result: NOTE
Namespace in Imports field not imported from: ‘png’
All declared Imports should be used.
Flavors: r-devel-linux-x86_64-fedora-clang, r-devel-linux-x86_64-fedora-gcc