Last updated on 2025-04-30 04:50:06 CEST.
Flavor | Version | Tinstall | Tcheck | Ttotal | Status | Flags |
---|---|---|---|---|---|---|
r-devel-linux-x86_64-debian-clang | 0.2.0 | 25.59 | 217.71 | 243.30 | NOTE | |
r-devel-linux-x86_64-debian-gcc | 0.2.0 | 17.40 | 144.95 | 162.35 | NOTE | |
r-devel-linux-x86_64-fedora-clang | 0.2.0 | 405.44 | OK | |||
r-devel-linux-x86_64-fedora-gcc | 0.2.0 | 404.73 | OK | |||
r-devel-windows-x86_64 | 0.2.0 | 26.00 | 201.00 | 227.00 | OK | |
r-patched-linux-x86_64 | 0.2.0 | 24.73 | 206.65 | 231.38 | OK | |
r-release-linux-x86_64 | 0.2.0 | 24.30 | 206.54 | 230.84 | OK | |
r-release-macos-arm64 | 0.2.0 | 106.00 | OK | |||
r-release-macos-x86_64 | 0.2.0 | 196.00 | OK | |||
r-release-windows-x86_64 | 0.2.0 | 26.00 | 202.00 | 228.00 | OK | |
r-oldrel-macos-arm64 | 0.2.0 | 100.00 | OK | |||
r-oldrel-macos-x86_64 | 0.2.0 | 148.00 | OK | |||
r-oldrel-windows-x86_64 | 0.2.0 | 32.00 | 271.00 | 303.00 | OK |
Version: 0.2.0
Check: CRAN incoming feasibility
Result: NOTE
Maintainer: ‘Bo-Syue Jiang <lukajiang1998@gmail.com>’
No Authors@R field in DESCRIPTION.
Please add one, modifying
Authors@R: person(given = "Bo-Syue",
family = "Jiang",
role = c("aut", "cre"),
email = "lukajiang1998@gmail.com")
as necessary.
Flavors: r-devel-linux-x86_64-debian-clang, r-devel-linux-x86_64-debian-gcc
Version: 0.2.0
Check: examples
Result: NOTE
Examples with CPU (user + system) or elapsed time > 5s
user system elapsed
ggInterval_2DhistMatrix 4.660 0.059 6.151
ggInterval_radar 3.823 0.041 5.076
mushroom 0.458 0.000 9.481
Cardiological2 0.221 0.000 10.253
Flavor: r-devel-linux-x86_64-debian-clang