Last updated on 2025-04-30 04:50:07 CEST.
Flavor | Version | Tinstall | Tcheck | Ttotal | Status | Flags |
---|---|---|---|---|---|---|
r-devel-linux-x86_64-debian-clang | 0.3.0 | 10.56 | 140.22 | 150.78 | NOTE | |
r-devel-linux-x86_64-debian-gcc | 0.3.0 | 6.66 | 97.30 | 103.96 | NOTE | |
r-devel-linux-x86_64-fedora-clang | 0.3.0 | 224.22 | OK | |||
r-devel-linux-x86_64-fedora-gcc | 0.3.0 | 229.42 | OK | |||
r-devel-windows-x86_64 | 0.3.0 | 13.00 | 136.00 | 149.00 | OK | |
r-patched-linux-x86_64 | 0.3.0 | 10.15 | 132.48 | 142.63 | OK | |
r-release-linux-x86_64 | 0.3.0 | 10.62 | 133.64 | 144.26 | OK | |
r-release-macos-arm64 | 0.3.0 | 65.00 | OK | |||
r-release-macos-x86_64 | 0.3.0 | 135.00 | OK | |||
r-release-windows-x86_64 | 0.3.0 | 11.00 | 136.00 | 147.00 | OK | |
r-oldrel-macos-arm64 | 0.3.0 | 73.00 | OK | |||
r-oldrel-macos-x86_64 | 0.3.0 | 104.00 | OK | |||
r-oldrel-windows-x86_64 | 0.3.0 | 15.00 | 179.00 | 194.00 | OK |
Version: 0.3.0
Check: examples
Result: NOTE
Examples with CPU (user + system) or elapsed time > 5s
user system elapsed
resid_compare 5.954 0.239 7.087
resid_interact 5.613 0.079 6.567
resid_panel 5.150 0.056 6.307
Flavor: r-devel-linux-x86_64-debian-clang
Version: 0.3.0
Check: examples
Result: NOTE
Examples with CPU (user + system) or elapsed time > 5s
user system elapsed
resid_interact 3.537 0.182 5.039
Flavor: r-devel-linux-x86_64-debian-gcc