Last updated on 2025-04-30 04:50:07 CEST.
Flavor | Version | Tinstall | Tcheck | Ttotal | Status | Flags |
---|---|---|---|---|---|---|
r-devel-linux-x86_64-debian-clang | 0.1.1 | 7.42 | 57.37 | 64.79 | NOTE | |
r-devel-linux-x86_64-debian-gcc | 0.1.1 | 4.25 | 39.33 | 43.58 | NOTE | |
r-devel-linux-x86_64-fedora-clang | 0.1.1 | 89.88 | NOTE | |||
r-devel-linux-x86_64-fedora-gcc | 0.1.1 | 83.76 | NOTE | |||
r-devel-windows-x86_64 | 0.1.1 | 8.00 | 70.00 | 78.00 | NOTE | |
r-patched-linux-x86_64 | 0.1.1 | 6.36 | 52.18 | 58.54 | NOTE | |
r-release-linux-x86_64 | 0.1.1 | 6.76 | 51.52 | 58.28 | NOTE | |
r-release-macos-arm64 | 0.1.1 | 30.00 | NOTE | |||
r-release-macos-x86_64 | 0.1.1 | 48.00 | NOTE | |||
r-release-windows-x86_64 | 0.1.1 | 10.00 | 69.00 | 79.00 | NOTE | |
r-oldrel-macos-arm64 | 0.1.1 | 32.00 | OK | |||
r-oldrel-macos-x86_64 | 0.1.1 | 43.00 | OK | |||
r-oldrel-windows-x86_64 | 0.1.1 | 10.00 | 83.00 | 93.00 | OK |
Version: 0.1.1
Check: DESCRIPTION meta-information
Result: NOTE
Missing dependency on R >= 4.1.0 because package code uses the pipe
|> or function shorthand \(...) syntax added in R 4.1.0.
File(s) using such syntax:
‘Scatter_ridges_function.R’
Flavors: r-devel-linux-x86_64-debian-clang, r-devel-linux-x86_64-debian-gcc, r-devel-linux-x86_64-fedora-clang, r-devel-linux-x86_64-fedora-gcc, r-devel-windows-x86_64, r-patched-linux-x86_64, r-release-linux-x86_64, r-release-macos-arm64, r-release-macos-x86_64, r-release-windows-x86_64
Version: 0.1.1
Check: examples
Result: NOTE
Examples with CPU (user + system) or elapsed time > 5s
user system elapsed
ggScatRidges 3.974 0.157 5.893
Flavor: r-devel-linux-x86_64-debian-clang